CRAN Package Check Results for Package MazamaSpatialPlots

Last updated on 2024-02-24 00:51:20 CET.

Flavor Version Tinstall Tcheck Ttotal Status Flags
r-devel-linux-x86_64-debian-clang 0.2.0 37.93 369.78 407.71 OK
r-devel-linux-x86_64-debian-gcc 0.2.0 33.84 266.81 300.65 OK
r-devel-linux-x86_64-fedora-clang 0.2.0 512.09 NOTE
r-devel-linux-x86_64-fedora-gcc 0.2.0 514.48 NOTE
r-devel-windows-x86_64 0.2.0 31.00 235.00 266.00 OK
r-patched-linux-x86_64 0.2.0 25.50 351.00 376.50 OK
r-release-linux-x86_64 0.2.0 25.26 352.82 378.08 OK
r-release-macos-arm64 0.2.0 151.00 OK
r-release-macos-x86_64 0.2.0 219.00 OK
r-release-windows-x86_64 0.2.0 42.00 318.00 360.00 OK
r-oldrel-macos-arm64 0.2.0 142.00 NOTE
r-oldrel-windows-x86_64 0.2.0 43.00 303.00 346.00 OK

Check Details

Version: 0.2.0
Check: data for non-ASCII characters
Result: NOTE Note: found 18 marked UTF-8 strings Flavors: r-devel-linux-x86_64-fedora-clang, r-devel-linux-x86_64-fedora-gcc, r-oldrel-macos-arm64