Last updated on 2023-05-30 00:59:49 CEST.
Flavor | Version | Tinstall | Tcheck | Ttotal | Status | Flags |
---|---|---|---|---|---|---|
r-devel-linux-x86_64-debian-clang | 0.2.0 | 35.42 | 357.97 | 393.39 | OK | |
r-devel-linux-x86_64-debian-gcc | 0.2.0 | 30.72 | 264.49 | 295.21 | OK | |
r-devel-linux-x86_64-fedora-clang | 0.2.0 | 490.55 | NOTE | |||
r-devel-linux-x86_64-fedora-gcc | 0.2.0 | 549.95 | NOTE | |||
r-devel-windows-x86_64 | 0.2.0 | 30.00 | 231.00 | 261.00 | OK | |
r-patched-linux-x86_64 | 0.2.0 | 29.97 | 332.99 | 362.96 | OK | |
r-release-linux-x86_64 | 0.2.0 | 26.70 | 336.36 | 363.06 | OK | |
r-release-macos-arm64 | 0.2.0 | 151.00 | OK | |||
r-release-macos-x86_64 | 0.2.0 | 219.00 | OK | |||
r-release-windows-x86_64 | 0.2.0 | 42.00 | 312.00 | 354.00 | OK | |
r-oldrel-macos-arm64 | 0.2.0 | 142.00 | NOTE | |||
r-oldrel-macos-x86_64 | 0.2.0 | 163.00 | NOTE | |||
r-oldrel-windows-x86_64 | 0.2.0 | 42.00 | 312.00 | 354.00 | OK |
Version: 0.2.0
Check: data for non-ASCII characters
Result: NOTE
Note: found 18 marked UTF-8 strings
Flavors: r-devel-linux-x86_64-fedora-clang, r-devel-linux-x86_64-fedora-gcc, r-oldrel-macos-arm64, r-oldrel-macos-x86_64