CRAN Package Check Results for Package MazamaSpatialUtils

Last updated on 2021-10-28 00:48:50 CEST.

Flavor Version Tinstall Tcheck Ttotal Status Flags
r-devel-linux-x86_64-debian-clang 0.7.6 9.77 90.86 100.63 OK
r-devel-linux-x86_64-debian-gcc 0.7.6 7.26 70.12 77.38 OK
r-devel-linux-x86_64-fedora-clang 0.7.6 132.28 NOTE
r-devel-linux-x86_64-fedora-gcc 0.7.6 119.60 NOTE
r-devel-windows-x86_64 0.7.6 23.00 159.00 182.00 OK
r-devel-windows-x86_64-gcc10-UCRT 0.7.6 NOTE
r-patched-linux-x86_64 0.7.6 10.97 89.11 100.08 OK
r-patched-solaris-x86 0.7.6 6.30 ERROR
r-release-linux-x86_64 0.7.6 9.53 88.43 97.96 OK
r-release-macos-arm64 0.7.6 NOTE
r-release-macos-x86_64 0.7.6 NOTE
r-release-windows-ix86+x86_64 0.7.6 20.00 182.00 202.00 OK
r-oldrel-macos-x86_64 0.7.6 NOTE
r-oldrel-windows-ix86+x86_64 0.7.6 22.00 112.00 134.00 OK

Check Details

Version: 0.7.6
Check: data for non-ASCII characters
Result: NOTE
     Note: found 17 marked UTF-8 strings
Flavors: r-devel-linux-x86_64-fedora-clang, r-devel-linux-x86_64-fedora-gcc, r-devel-windows-x86_64-gcc10-UCRT, r-release-macos-arm64, r-release-macos-x86_64, r-oldrel-macos-x86_64

Version: 0.7.6
Check: package dependencies
Result: ERROR
    Package required but not available: ‘rmapshaper’
    
    See section ‘The DESCRIPTION file’ in the ‘Writing R Extensions’
    manual.
Flavor: r-patched-solaris-x86