Last updated on 2023-06-02 01:00:31 CEST.
Flavor | Version | Tinstall | Tcheck | Ttotal | Status | Flags |
---|---|---|---|---|---|---|
r-devel-linux-x86_64-debian-clang | 0.2.12 | 9.87 | 100.95 | 110.82 | OK | |
r-devel-linux-x86_64-debian-gcc | 0.2.12 | 8.25 | 76.22 | 84.47 | OK | |
r-devel-linux-x86_64-fedora-clang | 0.2.12 | 136.17 | NOTE | |||
r-devel-linux-x86_64-fedora-gcc | 0.2.12 | 154.39 | NOTE | |||
r-devel-windows-x86_64 | 0.2.12 | 9.00 | 117.00 | 126.00 | OK | |
r-patched-linux-x86_64 | 0.2.12 | OK | ||||
r-release-linux-x86_64 | 0.2.12 | 8.10 | 95.21 | 103.31 | OK | |
r-release-macos-arm64 | 0.2.12 | 48.00 | OK | |||
r-release-macos-x86_64 | 0.2.10 | 104.00 | OK | |||
r-release-windows-x86_64 | 0.2.12 | 12.00 | 136.00 | 148.00 | OK | |
r-oldrel-macos-arm64 | 0.2.12 | 45.00 | OK | |||
r-oldrel-macos-x86_64 | 0.2.12 | 64.00 | OK | |||
r-oldrel-windows-x86_64 | 0.2.12 | 12.00 | 136.00 | 148.00 | OK |
Version: 0.2.12
Check: data for non-ASCII characters
Result: NOTE
Note: found 1 marked UTF-8 string
Flavors: r-devel-linux-x86_64-fedora-clang, r-devel-linux-x86_64-fedora-gcc