CRAN Package Check Results for Package MazamaTimeSeries

Last updated on 2024-06-14 00:53:48 CEST.

Flavor Version Tinstall Tcheck Ttotal Status Flags
r-devel-linux-x86_64-debian-clang 0.3.0 10.50 92.06 102.56 OK
r-devel-linux-x86_64-debian-gcc 0.3.0 0.38 1.77 2.15 ERROR
r-devel-linux-x86_64-fedora-clang 0.3.0 133.59 NOTE
r-devel-linux-x86_64-fedora-gcc 0.3.0 147.31 NOTE
r-devel-windows-x86_64 0.3.0 9.00 115.00 124.00 OK
r-patched-linux-x86_64 0.3.0 6.15 88.55 94.70 OK
r-release-linux-x86_64 0.3.0 6.12 86.11 92.23 OK
r-release-macos-arm64 0.3.0 50.00 OK
r-release-macos-x86_64 0.3.0 77.00 OK
r-release-windows-x86_64 0.3.0 10.00 107.00 117.00 OK
r-oldrel-macos-arm64 0.3.0 58.00 OK
r-oldrel-macos-x86_64 0.3.0 119.00 OK
r-oldrel-windows-x86_64 0.3.0 13.00 124.00 137.00 OK

Check Details

Version: 0.3.0
Check: package dependencies
Result: ERROR Packages required but not available: 'dplyr', 'lubridate', 'MazamaCoreUtils', 'stringr' Packages suggested but not available for checking: 'testthat', 'roxygen2' See section ‘The DESCRIPTION file’ in the ‘Writing R Extensions’ manual. Flavor: r-devel-linux-x86_64-debian-gcc

Version: 0.3.0
Check: data for non-ASCII characters
Result: NOTE Note: found 1 marked UTF-8 string Flavors: r-devel-linux-x86_64-fedora-clang, r-devel-linux-x86_64-fedora-gcc