CRAN Package Check Results for Package MetaComp

Last updated on 2021-10-25 00:49:17 CEST.

Flavor Version Tinstall Tcheck Ttotal Status Flags
r-devel-linux-x86_64-debian-clang 1.1.2 6.97 68.66 75.63 NOTE
r-devel-linux-x86_64-debian-gcc 1.1.2 5.04 49.11 54.15 NOTE
r-devel-linux-x86_64-fedora-clang 1.1.2 97.16 NOTE
r-devel-linux-x86_64-fedora-gcc 1.1.2 82.03 NOTE
r-devel-windows-x86_64 1.1.2 10.00 88.00 98.00 NOTE
r-devel-windows-x86_64-gcc10-UCRT 1.1.2 NOTE
r-patched-linux-x86_64 1.1.2 6.38 61.39 67.77 NOTE
r-patched-solaris-x86 1.1.2 119.90 NOTE
r-release-linux-x86_64 1.1.2 6.60 60.49 67.09 NOTE
r-release-macos-arm64 1.1.2 NOTE
r-release-macos-x86_64 1.1.2 NOTE
r-release-windows-ix86+x86_64 1.1.2 11.00 92.00 103.00 NOTE
r-oldrel-macos-x86_64 1.1.2 OK
r-oldrel-windows-ix86+x86_64 1.1.2 17.00 91.00 108.00 OK

Check Details

Version: 1.1.2
Check: LazyData
Result: NOTE
     'LazyData' is specified without a 'data' directory
Flavors: r-devel-linux-x86_64-debian-clang, r-devel-linux-x86_64-debian-gcc, r-devel-linux-x86_64-fedora-clang, r-devel-linux-x86_64-fedora-gcc, r-devel-windows-x86_64, r-devel-windows-x86_64-gcc10-UCRT, r-patched-linux-x86_64, r-patched-solaris-x86, r-release-linux-x86_64, r-release-macos-arm64, r-release-macos-x86_64, r-release-windows-ix86+x86_64