CRAN Package Check Results for Package MetaIntegrator

Last updated on 2018-04-19 00:46:55 CEST.

Flavor Version Tinstall Tcheck Ttotal Status Flags
r-devel-linux-x86_64-debian-clang 1.0.3 12.50 139.60 152.10 OK
r-devel-linux-x86_64-debian-gcc 1.0.3 9.92 118.16 128.08 OK
r-devel-linux-x86_64-fedora-clang 1.0.3 209.23 OK
r-devel-linux-x86_64-fedora-gcc 1.0.3 202.77 OK
r-devel-windows-ix86+x86_64 1.0.3 28.00 212.00 240.00 OK
r-devel-osx-x86_64 1.0.3 WARN
r-patched-linux-x86_64 1.0.3 11.53 149.56 161.09 OK
r-patched-solaris-x86 1.0.3 287.20 OK
r-release-linux-x86_64 1.0.3 8.49 168.46 176.95 OK
r-release-windows-ix86+x86_64 1.0.3 19.00 250.00 269.00 OK
r-release-osx-x86_64 1.0.3 WARN
r-oldrel-windows-ix86+x86_64 1.0.3 26.00 142.00 168.00 OK

Check Details

Version: 1.0.3
Check: package dependencies
Result: NOTE
    Package suggested but not available for checking: ‘BiocStyle’
Flavors: r-devel-osx-x86_64, r-release-osx-x86_64

Version: 1.0.3
Check: re-building of vignette outputs
Result: WARN
    Error in re-building vignettes:
     ...
    Warning in engine$weave(file, quiet = quiet, encoding = enc) :
     Pandoc (>= 1.12.3) and/or pandoc-citeproc not available. Falling back to R Markdown v1.
    Setting options('download.file.method.GEOquery'='auto')
    Setting options('GEOquery.inmemory.gpl'=FALSE)
    Quitting from lines 26-27 (MetaIntegrator.Rmd)
    Error: processing vignette 'MetaIntegrator.Rmd' failed with diagnostics:
    there is no package called 'BiocStyle'
    Execution halted
Flavors: r-devel-osx-x86_64, r-release-osx-x86_64