CRAN Package Check Results for Package MetaIntegrator

Last updated on 2018-07-23 00:51:14 CEST.

Flavor Version Tinstall Tcheck Ttotal Status Flags
r-devel-linux-x86_64-debian-clang 1.0.3 15.53 184.90 200.43 OK
r-devel-linux-x86_64-debian-gcc 1.0.3 12.75 141.44 154.19 OK
r-devel-linux-x86_64-fedora-clang 1.0.3 236.06 OK
r-devel-linux-x86_64-fedora-gcc 1.0.3 226.61 OK
r-devel-windows-ix86+x86_64 1.0.3 35.00 273.00 308.00 OK
r-patched-linux-x86_64 1.0.3 OK
r-patched-solaris-x86 1.0.3 296.90 OK
r-release-linux-x86_64 1.0.3 12.42 159.09 171.51 OK
r-release-windows-ix86+x86_64 1.0.3 6.00 5.00 11.00 OK
r-release-osx-x86_64 1.0.3 WARN
r-oldrel-windows-ix86+x86_64 1.0.3 8.00 4.00 12.00 ERROR
r-oldrel-osx-x86_64 1.0.3 WARN

Check Details

Version: 1.0.3
Check: package dependencies
Result: NOTE
    Package suggested but not available for checking: ‘BiocStyle’
Flavors: r-release-osx-x86_64, r-oldrel-osx-x86_64

Version: 1.0.3
Check: re-building of vignette outputs
Result: WARN
    Error in re-building vignettes:
     ...
    Warning in engine$weave(file, quiet = quiet, encoding = enc) :
     Pandoc (>= 1.12.3) and/or pandoc-citeproc not available. Falling back to R Markdown v1.
    Setting options('download.file.method.GEOquery'='auto')
    Setting options('GEOquery.inmemory.gpl'=FALSE)
    Quitting from lines 26-27 (MetaIntegrator.Rmd)
    Error: processing vignette 'MetaIntegrator.Rmd' failed with diagnostics:
    there is no package called 'BiocStyle'
    Execution halted
Flavors: r-release-osx-x86_64, r-oldrel-osx-x86_64

Version: 1.0.3
Check: whether package can be installed
Result: ERROR
    Installation failed.
Flavor: r-oldrel-windows-ix86+x86_64