CRAN Package Check Results for Package MetaIntegrator

Last updated on 2018-01-24 00:47:04 CET.

Flavor Version Tinstall Tcheck Ttotal Status Flags
r-devel-linux-x86_64-debian-clang 1.0.3 7.80 170.24 178.04 OK
r-devel-linux-x86_64-debian-gcc 1.0.3 7.97 125.37 133.34 OK
r-devel-windows-ix86+x86_64 1.0.3 34.00 225.00 259.00 OK
r-patched-linux-x86_64 1.0.3 8.28 166.07 174.35 OK
r-patched-solaris-x86 1.0.3 314.20 OK
r-release-linux-x86_64 1.0.3 8.41 167.70 176.11 OK
r-release-windows-ix86+x86_64 1.0.3 7.00 4.00 11.00 ERROR
r-release-osx-x86_64 1.0.3 ERROR
r-oldrel-windows-ix86+x86_64 1.0.3 24.00 140.00 164.00 WARN
r-oldrel-osx-x86_64 1.0.3 OK

Check Details

Version: 1.0.3
Check: whether package can be installed
Result: ERROR
    Installation failed.
Flavor: r-release-windows-ix86+x86_64

Version: 1.0.3
Check: package dependencies
Result: ERROR
    Packages required but not available: ‘GEOquery’ ‘GEOmetadb’
    
    Package suggested but not available for checking: ‘BiocStyle’
    
    See section ‘The DESCRIPTION file’ in the ‘Writing R Extensions’
    manual.
Flavor: r-release-osx-x86_64

Version: 1.0.3
Check: re-building of vignette outputs
Result: WARN
    Error in re-building vignettes:
     ...
    Setting options('download.file.method.GEOquery'='auto')
    Setting options('GEOquery.inmemory.gpl'=FALSE)
    Error: processing vignette 'MetaIntegrator.Rmd' failed with diagnostics:
    path for html_dependency not found:
    Execution halted
Flavor: r-oldrel-windows-ix86+x86_64