CRAN Package Check Results for Package MetaIntegrator

Last updated on 2018-10-19 00:50:09 CEST.

Flavor Version Tinstall Tcheck Ttotal Status Flags
r-devel-linux-x86_64-debian-clang 2.0.0 10.54 162.52 173.06 OK
r-devel-linux-x86_64-debian-gcc 2.0.0 9.76 104.52 114.28 OK
r-devel-linux-x86_64-fedora-clang 2.0.0 170.02 NOTE
r-devel-linux-x86_64-fedora-gcc 2.0.0 168.38 NOTE
r-devel-windows-ix86+x86_64 2.0.0 27.00 187.00 214.00 OK
r-patched-linux-x86_64 2.0.0 8.39 125.50 133.89 OK
r-patched-solaris-x86 2.0.0 206.80 NOTE
r-release-linux-x86_64 2.0.0 10.44 125.14 135.58 OK
r-release-windows-ix86+x86_64 2.0.0 23.00 184.00 207.00 OK
r-release-osx-x86_64 2.0.0 WARN
r-oldrel-windows-ix86+x86_64 2.0.0 15.00 213.00 228.00 OK
r-oldrel-osx-x86_64 2.0.0 WARN

Check Details

Version: 2.0.0
Check: dependencies in R code
Result: NOTE
    Namespaces in Imports field not imported from:
     ‘DT’ ‘GEOmetadb’ ‘RMySQL’ ‘RSQLite’ ‘gplots’ ‘pheatmap’ ‘readr’
     All declared Imports should be used.
Flavors: r-devel-linux-x86_64-fedora-clang, r-devel-linux-x86_64-fedora-gcc, r-patched-solaris-x86, r-release-osx-x86_64, r-oldrel-osx-x86_64

Version: 2.0.0
Check: package dependencies
Result: NOTE
    Package suggested but not available for checking: ‘BiocStyle’
Flavors: r-release-osx-x86_64, r-oldrel-osx-x86_64

Version: 2.0.0
Check: re-building of vignette outputs
Result: WARN
    Error in re-building vignettes:
     ...
    Warning in engine$weave(file, quiet = quiet, encoding = enc) :
     Pandoc (>= 1.12.3) and/or pandoc-citeproc not available. Falling back to R Markdown v1.
    Quitting from lines 26-27 (MetaIntegrator.Rmd)
    Error: processing vignette 'MetaIntegrator.Rmd' failed with diagnostics:
    there is no package called 'BiocStyle'
    Execution halted
Flavors: r-release-osx-x86_64, r-oldrel-osx-x86_64