CRAN Package Check Results for Package MetaUtility

Last updated on 2021-10-16 00:49:21 CEST.

Flavor Version Tinstall Tcheck Ttotal Status Flags
r-devel-linux-x86_64-debian-clang 2.1.1 12.47 105.23 117.70 NOTE
r-devel-linux-x86_64-debian-gcc 2.1.1 10.91 77.58 88.49 NOTE
r-devel-linux-x86_64-fedora-clang 2.1.1 153.32 NOTE
r-devel-linux-x86_64-fedora-gcc 2.1.1 146.01 NOTE
r-devel-windows-x86_64 2.1.1 22.00 92.00 114.00 NOTE
r-devel-windows-x86_64-gcc10-UCRT 2.1.1 NOTE
r-patched-linux-x86_64 2.1.1 13.79 99.30 113.09 NOTE
r-patched-solaris-x86 2.1.1 187.90 NOTE
r-release-linux-x86_64 2.1.1 10.67 99.36 110.03 NOTE
r-release-macos-arm64 2.1.1 NOTE
r-release-macos-x86_64 2.1.1 NOTE
r-release-windows-ix86+x86_64 2.1.1 28.00 133.00 161.00 NOTE
r-oldrel-macos-x86_64 2.1.1 OK
r-oldrel-windows-ix86+x86_64 2.1.1 29.00 125.00 154.00 OK

Check Details

Version: 2.1.1
Check: LazyData
Result: NOTE
     'LazyData' is specified without a 'data' directory
Flavors: r-devel-linux-x86_64-debian-clang, r-devel-linux-x86_64-debian-gcc, r-devel-linux-x86_64-fedora-clang, r-devel-linux-x86_64-fedora-gcc, r-devel-windows-x86_64, r-devel-windows-x86_64-gcc10-UCRT, r-patched-linux-x86_64, r-patched-solaris-x86, r-release-linux-x86_64, r-release-macos-arm64, r-release-macos-x86_64, r-release-windows-ix86+x86_64