CRAN Package Check Results for Package MetabolomicsBasics

Last updated on 2021-10-21 00:49:51 CEST.

Flavor Version Tinstall Tcheck Ttotal Status Flags
r-devel-linux-x86_64-debian-clang 1.2 17.42 166.95 184.37 OK
r-devel-linux-x86_64-debian-gcc 1.2 15.97 124.86 140.83 OK
r-devel-linux-x86_64-fedora-clang 1.2 231.95 OK
r-devel-linux-x86_64-fedora-gcc 1.2 213.02 OK
r-devel-windows-x86_64 1.2 28.00 197.00 225.00 OK
r-devel-windows-x86_64-gcc10-UCRT 1.2 ERROR
r-patched-linux-x86_64 1.2 16.64 157.62 174.26 OK
r-patched-solaris-x86 1.2 306.80 OK
r-release-linux-x86_64 1.2 16.67 157.20 173.87 OK
r-release-macos-arm64 1.2 OK
r-release-macos-x86_64 1.2 OK
r-release-windows-ix86+x86_64 1.2 32.00 190.00 222.00 OK
r-oldrel-macos-x86_64 1.2 OK
r-oldrel-windows-ix86+x86_64 1.2 45.00 200.00 245.00 OK

Check Details

Version: 1.2
Check: package dependencies
Result: ERROR
    Package required but not available: 'mixOmics'
    
    See section 'The DESCRIPTION file' in the 'Writing R Extensions'
    manual.
Flavor: r-devel-windows-x86_64-gcc10-UCRT