CRAN Package Check Results for Package MethComp

Last updated on 2021-10-16 00:49:21 CEST.

Flavor Version Tinstall Tcheck Ttotal Status Flags
r-devel-linux-x86_64-debian-clang 1.30.0 6.90 90.19 97.09 OK
r-devel-linux-x86_64-debian-gcc 1.30.0 6.45 69.93 76.38 OK
r-devel-linux-x86_64-fedora-clang 1.30.0 134.03 NOTE
r-devel-linux-x86_64-fedora-gcc 1.30.0 122.87 OK
r-devel-windows-x86_64 1.30.0 10.00 95.00 105.00 OK
r-devel-windows-x86_64-gcc10-UCRT 1.30.0 OK
r-patched-linux-x86_64 1.30.0 8.69 87.50 96.19 OK
r-patched-solaris-x86 1.30.0 154.80 OK
r-release-linux-x86_64 1.30.0 6.80 88.18 94.98 OK
r-release-macos-arm64 1.30.0 OK
r-release-macos-x86_64 1.30.0 OK
r-release-windows-ix86+x86_64 1.30.0 13.00 138.00 151.00 OK
r-oldrel-macos-x86_64 1.30.0 OK
r-oldrel-windows-ix86+x86_64 1.30.0 14.00 129.00 143.00 OK

Check Details

Version: 1.30.0
Check: Rd cross-references
Result: NOTE
    Undeclared package ‘R2WinBUGS’ in Rd xrefs
Flavor: r-devel-linux-x86_64-fedora-clang