CRAN Package Check Results for Package MetricGraph

Last updated on 2024-04-17 00:54:25 CEST.

Flavor Version Tinstall Tcheck Ttotal Status Flags
r-devel-linux-x86_64-debian-clang 1.3.0 99.45 248.72 348.17 NOTE
r-devel-linux-x86_64-debian-gcc 1.3.0 83.99 192.06 276.05 NOTE
r-devel-linux-x86_64-fedora-clang 1.3.0 443.73 OK
r-devel-linux-x86_64-fedora-gcc 1.3.0 478.23 OK
r-prerel-macos-arm64 1.3.0 118.00 NOTE
r-prerel-macos-x86_64 1.3.0 284.00 NOTE
r-prerel-windows-x86_64 1.3.0 66.00 205.00 271.00 OK
r-patched-linux-x86_64 1.3.0 67.92 241.36 309.28 NOTE
r-release-linux-x86_64 1.3.0 70.26 244.10 314.36 NOTE
r-release-macos-arm64 1.3.0 117.00 NOTE
r-release-macos-x86_64 1.3.0 301.00 NOTE
r-release-windows-x86_64 1.3.0 95.00 266.00 361.00 NOTE
r-oldrel-macos-arm64 1.3.0 110.00 NOTE
r-oldrel-windows-x86_64 1.3.0 91.00 252.00 343.00 NOTE

Check Details

Version: 1.3.0
Check: package dependencies
Result: NOTE Package suggested but not available for checking: ‘INLA’ Flavors: r-devel-linux-x86_64-debian-clang, r-devel-linux-x86_64-debian-gcc, r-prerel-macos-arm64, r-prerel-macos-x86_64, r-patched-linux-x86_64, r-release-linux-x86_64, r-release-macos-arm64, r-release-macos-x86_64, r-release-windows-x86_64, r-oldrel-macos-arm64, r-oldrel-windows-x86_64

Version: 1.3.0
Check: installed package size
Result: NOTE installed size is 12.8Mb sub-directories of 1Mb or more: libs 11.5Mb Flavors: r-prerel-macos-arm64, r-prerel-macos-x86_64, r-release-macos-arm64, r-release-macos-x86_64, r-oldrel-macos-arm64