CRAN Package Check Results for Package MiDA

Last updated on 2024-07-20 00:56:55 CEST.

Flavor Version Tinstall Tcheck Ttotal Status Flags
r-devel-linux-x86_64-debian-clang 0.1.2 3.32 58.96 62.28 OK
r-devel-linux-x86_64-debian-gcc 0.1.2 2.36 43.24 45.60 OK
r-devel-linux-x86_64-fedora-clang 0.1.2 77.61 OK
r-devel-linux-x86_64-fedora-gcc 0.1.2 80.05 OK
r-devel-windows-x86_64 0.1.2 4.00 75.00 79.00 NOTE
r-patched-linux-x86_64 0.1.2 7.70 54.98 62.68 OK
r-release-linux-x86_64 0.1.2 2.11 57.14 59.25 OK
r-release-macos-arm64 0.1.2 30.00 OK
r-release-macos-x86_64 0.1.2 39.00 OK
r-release-windows-x86_64 0.1.2 5.00 73.00 78.00 OK
r-oldrel-macos-arm64 0.1.2 33.00 OK
r-oldrel-macos-x86_64 0.1.2 46.00 OK
r-oldrel-windows-x86_64 0.1.2 6.00 80.00 86.00 OK

Check Details

Version: 0.1.2
Check: Rd cross-references
Result: NOTE Found the following Rd file(s) with Rd \link{} targets missing package anchors: MiBiClassGBODT.Rd: createFolds, gbm, roc MiIntDepthAjust.Rd: gbm MiNTreesAjust.Rd: gbm MiNorm.Rd: backgroundCorrect, normalize.quantiles, SQN, normalizeCyclicLoess MiShrinkAjust.Rd: gbm MiStatCount.Rd: rowttests Please provide package anchors for all Rd \link{} targets not in the package itself and the base packages. Flavor: r-devel-windows-x86_64