CRAN Package Check Results for Package MiST

Last updated on 2022-01-24 00:47:40 CET.

Flavor Version Tinstall Tcheck Ttotal Status Flags
r-devel-linux-x86_64-debian-clang 1.0 2.37 52.36 54.73 NOTE
r-devel-linux-x86_64-debian-gcc 1.0 1.78 43.87 45.65 NOTE
r-devel-linux-x86_64-fedora-clang 1.0 67.07 NOTE
r-devel-linux-x86_64-fedora-gcc 1.0 58.72 NOTE
r-devel-windows-x86_64-new-UL 1.0 14.00 77.00 91.00 NOTE
r-devel-windows-x86_64-new-TK 1.0 NOTE
r-patched-linux-x86_64 1.0 2.20 50.37 52.57 NOTE
r-release-linux-x86_64 1.0 1.61 50.97 52.58 NOTE
r-release-macos-arm64 1.0 NOTE
r-release-macos-x86_64 1.0 NOTE
r-release-windows-ix86+x86_64 1.0 5.00 62.00 67.00 NOTE
r-oldrel-macos-x86_64 1.0 NOTE
r-oldrel-windows-ix86+x86_64 1.0 4.00 61.00 65.00 NOTE

Check Details

Version: 1.0
Check: dependencies in R code
Result: NOTE
    'library' or 'require' call to 'CompQuadForm' which was already attached by Depends.
     Please remove these calls from your code.
Flavors: r-devel-linux-x86_64-debian-clang, r-devel-linux-x86_64-debian-gcc, r-devel-linux-x86_64-fedora-clang, r-devel-linux-x86_64-fedora-gcc, r-devel-windows-x86_64-new-UL, r-devel-windows-x86_64-new-TK, r-patched-linux-x86_64, r-release-linux-x86_64, r-release-macos-arm64, r-release-macos-x86_64, r-release-windows-ix86+x86_64, r-oldrel-macos-x86_64, r-oldrel-windows-ix86+x86_64

Version: 1.0
Check: R code for possible problems
Result: NOTE
    linear.test: no visible global function definition for 'lm'
    linear.test: no visible global function definition for 'pchisq'
    linear.weight.test: no visible global function definition for 'lm'
    linear.weight.test: no visible global function definition for 'dbeta'
    linear.weight.test: no visible global function definition for 'pchisq'
    logit.test: no visible global function definition for 'glm'
    logit.test: no visible global function definition for 'binomial'
    logit.test: no visible binding for global variable 'logit'
    logit.test: no visible global function definition for 'pchisq'
    logit.weight.test: no visible global function definition for 'glm'
    logit.weight.test: no visible global function definition for 'binomial'
    logit.weight.test: no visible binding for global variable 'logit'
    logit.weight.test: no visible global function definition for 'dbeta'
    logit.weight.test: no visible global function definition for 'pchisq'
    Undefined global functions or variables:
     binomial dbeta glm lm logit pchisq
    Consider adding
     importFrom("stats", "binomial", "dbeta", "glm", "lm", "pchisq")
    to your NAMESPACE file.
Flavors: r-devel-linux-x86_64-debian-clang, r-devel-linux-x86_64-debian-gcc, r-devel-linux-x86_64-fedora-clang, r-devel-linux-x86_64-fedora-gcc, r-devel-windows-x86_64-new-UL, r-devel-windows-x86_64-new-TK, r-patched-linux-x86_64, r-release-linux-x86_64, r-release-macos-arm64, r-release-macos-x86_64, r-release-windows-ix86+x86_64, r-oldrel-macos-x86_64, r-oldrel-windows-ix86+x86_64