Last updated on 2023-09-30 00:56:12 CEST.
Flavor | Version | Tinstall | Tcheck | Ttotal | Status | Flags |
---|---|---|---|---|---|---|
r-devel-linux-x86_64-debian-clang | 1.5.1 | 17.79 | 180.95 | 198.74 | OK | |
r-devel-linux-x86_64-debian-gcc | 1.5.1 | 11.89 | 130.78 | 142.67 | OK | |
r-devel-linux-x86_64-fedora-clang | 1.5.1 | 252.67 | OK | |||
r-devel-linux-x86_64-fedora-gcc | 1.5.1 | 254.89 | OK | |||
r-devel-windows-x86_64 | 1.5.1 | 14.00 | 157.00 | 171.00 | OK | |
r-patched-linux-x86_64 | 1.5.1 | 17.03 | 175.56 | 192.59 | OK | |
r-release-linux-x86_64 | 1.5.1 | 12.33 | 167.79 | 180.12 | OK | |
r-release-macos-arm64 | 1.5.1 | 73.00 | OK | |||
r-release-macos-x86_64 | 1.5.1 | 133.00 | NOTE | |||
r-release-windows-x86_64 | 1.5.1 | 18.00 | 203.00 | 221.00 | OK | |
r-oldrel-macos-arm64 | 1.5.1 | 62.00 | OK | |||
r-oldrel-macos-x86_64 | 1.5.1 | 85.00 | OK | |||
r-oldrel-windows-x86_64 | 1.5.1 | 20.00 | 188.00 | 208.00 | OK |
Version: 1.5.1
Check: package dependencies
Result: NOTE
Package suggested but not available for checking: ‘clustMD’
Flavor: r-release-macos-x86_64
Version: 1.5.1
Check: Rd cross-references
Result: NOTE
Package unavailable to check Rd xrefs: ‘clustMD’
Flavor: r-release-macos-x86_64