Last updated on 2023-09-26 01:06:27 CEST.
Flavor | Version | Tinstall | Tcheck | Ttotal | Status | Flags |
---|---|---|---|---|---|---|
r-devel-linux-x86_64-debian-clang | 0.0.31 | 16.03 | 134.36 | 150.39 | NOTE | |
r-devel-linux-x86_64-debian-gcc | 0.0.31 | 12.12 | 100.11 | 112.23 | NOTE | |
r-devel-linux-x86_64-fedora-clang | 0.0.31 | 179.63 | NOTE | |||
r-devel-linux-x86_64-fedora-gcc | 0.0.31 | 190.32 | NOTE | |||
r-devel-windows-x86_64 | 0.0.31 | 15.00 | 121.00 | 136.00 | NOTE | |
r-patched-linux-x86_64 | 0.0.31 | 13.03 | 123.53 | 136.56 | NOTE | |
r-release-linux-x86_64 | 0.0.31 | 10.83 | 124.99 | 135.82 | NOTE | |
r-release-macos-arm64 | 0.0.31 | 53.00 | NOTE | |||
r-release-macos-x86_64 | 0.0.31 | 92.00 | NOTE | |||
r-release-windows-x86_64 | 0.0.31 | 19.00 | 134.00 | 153.00 | NOTE | |
r-oldrel-macos-arm64 | 0.0.31 | 51.00 | NOTE | |||
r-oldrel-macos-x86_64 | 0.0.31 | 87.00 | NOTE | |||
r-oldrel-windows-x86_64 | 0.0.31 | 20.00 | 137.00 | 157.00 | NOTE |
Version: 0.0.31
Check: LazyData
Result: NOTE
'LazyData' is specified without a 'data' directory
Flavors: r-devel-linux-x86_64-debian-clang, r-devel-linux-x86_64-debian-gcc, r-devel-linux-x86_64-fedora-clang, r-devel-linux-x86_64-fedora-gcc, r-devel-windows-x86_64, r-patched-linux-x86_64, r-release-linux-x86_64, r-release-macos-arm64, r-release-macos-x86_64, r-release-windows-x86_64, r-oldrel-macos-arm64, r-oldrel-macos-x86_64, r-oldrel-windows-x86_64
Version: 0.0.31
Check: dependencies in R code
Result: NOTE
Namespace in Imports field not imported from: ‘ggplot2’
All declared Imports should be used.
Flavors: r-devel-linux-x86_64-fedora-clang, r-devel-linux-x86_64-fedora-gcc, r-oldrel-macos-arm64, r-oldrel-macos-x86_64