CRAN Package Check Results for Package ModelMetrics

Last updated on 2024-06-14 00:53:49 CEST.

Flavor Version Tinstall Tcheck Ttotal Status Flags
r-devel-linux-x86_64-debian-clang 1.2.2.2 60.48 40.13 100.61 OK
r-devel-linux-x86_64-debian-gcc 1.2.2.2 34.07 27.89 61.96 ERROR
r-devel-linux-x86_64-fedora-clang 1.2.2.2 142.65 OK
r-devel-linux-x86_64-fedora-gcc 1.2.2.2 140.27 OK
r-devel-windows-x86_64 1.2.2.2 44.00 67.00 111.00 OK
r-patched-linux-x86_64 1.2.2.2 50.16 38.50 88.66 OK
r-release-linux-x86_64 1.2.2.2 48.62 37.97 86.59 OK
r-release-macos-arm64 1.2.2.2 28.00 OK
r-release-macos-x86_64 1.2.2.2 38.00 OK
r-release-windows-x86_64 1.2.2.2 44.00 79.00 123.00 OK
r-oldrel-macos-arm64 1.2.2.2 35.00 OK
r-oldrel-macos-x86_64 1.2.2.2 57.00 OK
r-oldrel-windows-x86_64 1.2.2.2 55.00 79.00 134.00 OK

Check Details

Version: 1.2.2.2
Check: package dependencies
Result: NOTE Package suggested but not available for checking: ‘testthat’ Flavor: r-devel-linux-x86_64-debian-gcc

Version: 1.2.2.2
Check: tests
Result: ERROR Running ‘testthat.R’ [0s/1s] Running the tests in ‘tests/testthat.R’ failed. Complete output: > library(testthat) Error in library(testthat) : there is no package called 'testthat' Execution halted Flavor: r-devel-linux-x86_64-debian-gcc