CRAN Package Check Results for Package Morpho

Last updated on 2021-10-26 00:59:58 CEST.

Flavor Version Tinstall Tcheck Ttotal Status Flags
r-devel-linux-x86_64-debian-clang 2.9 240.32 185.84 426.16 OK
r-devel-linux-x86_64-debian-gcc 2.9 182.71 142.75 325.46 OK
r-devel-linux-x86_64-fedora-clang 2.9 686.36 NOTE
r-devel-linux-x86_64-fedora-gcc 2.9 577.65 OK
r-devel-windows-x86_64 2.9 330.00 247.00 577.00 NOTE
r-devel-windows-x86_64-gcc10-UCRT 2.9 OK
r-patched-linux-x86_64 2.9 224.32 178.69 403.01 OK
r-patched-solaris-x86 2.9 535.60 OK
r-release-linux-x86_64 2.9 220.87 179.91 400.78 OK
r-release-macos-arm64 2.9 NOTE
r-release-macos-x86_64 2.9 NOTE
r-release-windows-ix86+x86_64 2.9 484.00 368.00 852.00 NOTE
r-oldrel-macos-x86_64 2.9 NOTE
r-oldrel-windows-ix86+x86_64 2.9 649.00 364.00 1013.00 NOTE

Check Details

Version: 2.9
Check: installed package size
Result: NOTE
     installed size is 11.5Mb
     sub-directories of 1Mb or more:
     data 2.0Mb
     libs 7.8Mb
Flavors: r-devel-linux-x86_64-fedora-clang, r-devel-windows-x86_64, r-release-macos-arm64, r-release-macos-x86_64, r-release-windows-ix86+x86_64, r-oldrel-macos-x86_64, r-oldrel-windows-ix86+x86_64