CRAN Package Check Results for Package MuMIn

Last updated on 2021-10-23 00:49:01 CEST.

Flavor Version Tinstall Tcheck Ttotal Status Flags
r-devel-linux-x86_64-debian-clang 1.43.17 16.79 167.87 184.66 OK
r-devel-linux-x86_64-debian-gcc 1.43.17 14.70 128.14 142.84 OK
r-devel-linux-x86_64-fedora-clang 1.43.17 231.03 NOTE
r-devel-linux-x86_64-fedora-gcc 1.43.17 217.38 OK
r-devel-windows-x86_64 1.43.17 28.00 207.00 235.00 OK
r-devel-windows-x86_64-gcc10-UCRT 1.43.17 OK
r-patched-linux-x86_64 1.43.17 17.46 160.86 178.32 OK
r-patched-solaris-x86 1.43.17 320.60 OK
r-release-linux-x86_64 1.43.17 17.29 159.74 177.03 OK
r-release-macos-arm64 1.43.17 OK
r-release-macos-x86_64 1.43.17 OK
r-release-windows-ix86+x86_64 1.43.17 22.00 201.00 223.00 OK
r-oldrel-macos-x86_64 1.43.17 OK
r-oldrel-windows-ix86+x86_64 1.43.17 34.00 194.00 228.00 OK

Check Details

Version: 1.43.17
Check: Rd cross-references
Result: NOTE
    Undeclared packages ‘AICcmodavg’, ‘bbmle’, ‘glmulti’, ‘arm’, ‘wgeesel’, ‘ape’, ‘bestglm’, ‘leaps’, ‘glmmTMB’, ‘brglm’, ‘quantreg’, ‘maxlike’, ‘RMark’ in Rd xrefs
Flavor: r-devel-linux-x86_64-fedora-clang