CRAN Package Check Results for Package MultOrdRS

Last updated on 2021-10-28 00:48:52 CEST.

Flavor Version Tinstall Tcheck Ttotal Status Flags
r-devel-linux-x86_64-debian-clang 0.1-2 51.47 40.85 92.32 OK
r-devel-linux-x86_64-debian-gcc 0.1-2 33.34 29.72 63.06 OK
r-devel-linux-x86_64-fedora-clang 0.1-2 144.27 OK
r-devel-linux-x86_64-fedora-gcc 0.1-2 109.46 OK
r-devel-windows-x86_64 0.1-2 55.00 79.00 134.00 OK
r-devel-windows-x86_64-gcc10-UCRT 0.1-2 OK
r-patched-linux-x86_64 0.1-2 38.59 37.38 75.97 OK
r-patched-solaris-x86 0.1-2 161.20 OK
r-release-linux-x86_64 0.1-2 40.15 37.57 77.72 OK
r-release-macos-arm64 0.1-2 NOTE
r-release-macos-x86_64 0.1-2 OK
r-release-windows-ix86+x86_64 0.1-2 80.00 82.00 162.00 OK
r-oldrel-macos-x86_64 0.1-2 OK
r-oldrel-windows-ix86+x86_64 0.1-2 84.00 84.00 168.00 OK

Check Details

Version: 0.1-2
Check: installed package size
Result: NOTE
     installed size is 5.6Mb
     sub-directories of 1Mb or more:
     libs 5.5Mb
Flavor: r-release-macos-arm64