CRAN Package Check Results for Package MultivariateAnalysis

Last updated on 2024-04-12 00:04:07 CEST.

Flavor Version Tinstall Tcheck Ttotal Status Flags
r-devel-linux-x86_64-debian-clang 0.4.4 9.24 153.35 162.59 NOTE
r-devel-linux-x86_64-debian-gcc 0.5.0 12.95 183.79 196.74 OK
r-devel-linux-x86_64-fedora-clang 0.5.0 344.66 OK
r-devel-linux-x86_64-fedora-gcc 0.5.0 337.09 OK
r-devel-windows-x86_64 0.5.0 18.00 196.00 214.00 OK
r-patched-linux-x86_64 0.5.0 25.68 239.67 265.35 OK
r-release-linux-x86_64 0.4.4 9.36 134.39 143.75 OK
r-release-macos-arm64 0.5.0 89.00 OK
r-release-macos-x86_64 0.5.0 149.00 OK
r-release-windows-x86_64 0.5.0 21.00 232.00 253.00 OK
r-oldrel-macos-arm64 0.5.0 87.00 OK
r-oldrel-windows-x86_64 0.4.4 15.00 147.00 162.00 OK

Check Details

Version: 0.4.4
Check: Rd files
Result: NOTE checkRd: (-1) Distancia.Rd:148: Lost braces 148 | /code{/link{dist}/} | ^ checkRd: (-1) Distancia.Rd:148: Lost braces 148 | /code{/link{dist}/} | ^ checkRd: (-1) HeatPlot.Rd:81: Lost braces 81 | /code{/link{Distancia}/} ,/code{/link{Dendrograma}/}, /code{/link{heatplot}/} | ^ checkRd: (-1) HeatPlot.Rd:81: Lost braces 81 | /code{/link{Distancia}/} ,/code{/link{Dendrograma}/}, /code{/link{heatplot}/} | ^ checkRd: (-1) HeatPlot.Rd:81: Lost braces 81 | /code{/link{Distancia}/} ,/code{/link{Dendrograma}/}, /code{/link{heatplot}/} | ^ checkRd: (-1) HeatPlot.Rd:81: Lost braces 81 | /code{/link{Distancia}/} ,/code{/link{Dendrograma}/}, /code{/link{heatplot}/} | ^ checkRd: (-1) HeatPlot.Rd:81: Lost braces 81 | /code{/link{Distancia}/} ,/code{/link{Dendrograma}/}, /code{/link{heatplot}/} | ^ checkRd: (-1) HeatPlot.Rd:81: Lost braces 81 | /code{/link{Distancia}/} ,/code{/link{Dendrograma}/}, /code{/link{heatplot}/} | ^ checkRd: (-1) Normatiza.Rd:55: Lost braces 55 | /code{/link{dist}/} | ^ checkRd: (-1) Normatiza.Rd:55: Lost braces 55 | /code{/link{dist}/} | ^ checkRd: (-1) SummaryDistancia.Rd:98: Lost braces 98 | /code{/link{dist}/} | ^ checkRd: (-1) SummaryDistancia.Rd:98: Lost braces 98 | /code{/link{dist}/} | ^ Flavor: r-devel-linux-x86_64-debian-clang