CRAN Package Check Results for Package NADA2

Last updated on 2021-10-24 00:51:04 CEST.

Flavor Version Tinstall Tcheck Ttotal Status Flags
r-devel-linux-x86_64-debian-clang 1.0.1 17.69 158.52 176.21 OK
r-devel-linux-x86_64-debian-gcc 1.0.1 14.13 115.55 129.68 OK
r-devel-linux-x86_64-fedora-clang 1.0.1 224.70 NOTE
r-devel-linux-x86_64-fedora-gcc 1.0.1 205.24 NOTE
r-devel-windows-x86_64 1.0.1 28.00 199.00 227.00 OK
r-devel-windows-x86_64-gcc10-UCRT 1.0.1 NOTE
r-patched-linux-x86_64 1.0.1 19.10 150.36 169.46 OK
r-patched-solaris-x86 1.0.1 294.40 NOTE
r-release-linux-x86_64 1.0.1 16.77 147.49 164.26 OK
r-release-macos-arm64 1.0.1 NOTE
r-release-macos-x86_64 1.0.1 NOTE
r-release-windows-ix86+x86_64 1.0.1 28.00 191.00 219.00 OK
r-oldrel-macos-x86_64 1.0.1 NOTE
r-oldrel-windows-ix86+x86_64 1.0.1 45.00 190.00 235.00 OK

Check Details

Version: 1.0.1
Check: dependencies in R code
Result: NOTE
    Namespaces in Imports field not imported from:
     ‘Kendall’ ‘perm’
     All declared Imports should be used.
Flavors: r-devel-linux-x86_64-fedora-clang, r-devel-linux-x86_64-fedora-gcc, r-devel-windows-x86_64-gcc10-UCRT, r-patched-solaris-x86, r-release-macos-arm64, r-release-macos-x86_64, r-oldrel-macos-x86_64