Last updated on 2023-06-05 00:55:29 CEST.
Flavor | Version | Tinstall | Tcheck | Ttotal | Status | Flags |
---|---|---|---|---|---|---|
r-devel-linux-x86_64-debian-clang | 0.4.2 | 34.45 | 500.31 | 534.76 | OK | |
r-devel-linux-x86_64-debian-gcc | 0.4.2 | 29.50 | 385.04 | 414.54 | OK | |
r-devel-linux-x86_64-fedora-clang | 0.4.2 | 632.88 | NOTE | |||
r-devel-linux-x86_64-fedora-gcc | 0.4.2 | 721.78 | NOTE | |||
r-devel-windows-x86_64 | 0.4.2 | 32.00 | 377.00 | 409.00 | OK | |
r-patched-linux-x86_64 | 0.4.2 | 37.40 | 486.83 | 524.23 | OK | |
r-release-linux-x86_64 | 0.4.2 | 36.40 | 486.82 | 523.22 | OK | |
r-release-macos-arm64 | 0.4.2 | 188.00 | OK | |||
r-release-macos-x86_64 | 0.4.2 | 273.00 | OK | |||
r-release-windows-x86_64 | 0.4.2 | 40.00 | 493.00 | 533.00 | OK | |
r-oldrel-macos-arm64 | 0.4.2 | 160.00 | NOTE | |||
r-oldrel-macos-x86_64 | 0.4.2 | 214.00 | NOTE | |||
r-oldrel-windows-x86_64 | 0.4.2 | 42.00 | 468.00 | 510.00 | OK |
Version: 0.4.2
Check: dependencies in R code
Result: NOTE
Namespaces in Imports field not imported from:
‘glmnet’ ‘mlr3learners’ ‘rpart’
All declared Imports should be used.
Flavors: r-devel-linux-x86_64-fedora-clang, r-devel-linux-x86_64-fedora-gcc, r-oldrel-macos-arm64, r-oldrel-macos-x86_64