Last updated on 2023-09-24 00:56:47 CEST.
Flavor | Version | Tinstall | Tcheck | Ttotal | Status | Flags |
---|---|---|---|---|---|---|
r-devel-linux-x86_64-debian-clang | 0.6.4 | 9.48 | 262.51 | 271.99 | OK | |
r-devel-linux-x86_64-debian-gcc | 0.6.4 | 9.72 | 214.44 | 224.16 | OK | |
r-devel-linux-x86_64-fedora-clang | 0.6.4 | 327.91 | OK | |||
r-devel-linux-x86_64-fedora-gcc | 0.6.4 | 359.55 | OK | |||
r-devel-windows-x86_64 | 0.6.4 | 10.00 | 370.00 | 380.00 | OK | |
r-patched-linux-x86_64 | 0.6.3 | 9.58 | 253.97 | 263.55 | OK | |
r-release-linux-x86_64 | 0.6.4 | 7.84 | 247.25 | 255.09 | OK | |
r-release-macos-arm64 | 0.6.3 | 7.00 | ERROR | |||
r-release-macos-x86_64 | 0.6.4 | 8.00 | ERROR | |||
r-release-windows-x86_64 | 0.6.4 | 15.00 | 428.00 | 443.00 | OK | |
r-oldrel-macos-arm64 | 0.6.3 | 294.00 | OK | |||
r-oldrel-macos-x86_64 | 0.6.4 | 315.00 | OK | |||
r-oldrel-windows-x86_64 | 0.6.4 | 22.00 | 416.00 | 438.00 | OK |
Version: 0.6.3
Check: package dependencies
Result: ERROR
Package required but not available: ‘rhdf5’
See section ‘The DESCRIPTION file’ in the ‘Writing R Extensions’
manual.
Flavor: r-release-macos-arm64
Version: 0.6.4
Check: package dependencies
Result: ERROR
Package required but not available: ‘rhdf5’
See section ‘The DESCRIPTION file’ in the ‘Writing R Extensions’
manual.
Flavor: r-release-macos-x86_64