CRAN Package Check Results for Package NHSDataDictionaRy

Last updated on 2021-10-26 00:59:59 CEST.

Flavor Version Tinstall Tcheck Ttotal Status Flags
r-devel-linux-x86_64-debian-clang 1.2.5 4.22 53.05 57.27 OK
r-devel-linux-x86_64-debian-gcc 1.2.5 3.38 39.58 42.96 OK
r-devel-linux-x86_64-fedora-clang 1.2.5 82.86 NOTE
r-devel-linux-x86_64-fedora-gcc 1.2.5 66.27 NOTE
r-devel-windows-x86_64 1.2.5 11.00 89.00 100.00 OK
r-devel-windows-x86_64-gcc10-UCRT 1.2.5 NOTE
r-patched-linux-x86_64 1.2.5 4.72 48.81 53.53 OK
r-patched-solaris-x86 1.2.5 92.80 NOTE
r-release-linux-x86_64 1.2.5 4.45 48.63 53.08 OK
r-release-macos-arm64 1.2.5 NOTE
r-release-macos-x86_64 1.2.5 NOTE
r-release-windows-ix86+x86_64 1.2.5 10.00 83.00 93.00 OK
r-oldrel-macos-x86_64 1.2.5 NOTE
r-oldrel-windows-ix86+x86_64 1.2.5 14.00 78.00 92.00 OK

Check Details

Version: 1.2.5
Check: dependencies in R code
Result: NOTE
    Namespace in Imports field not imported from: ‘tibble’
     All declared Imports should be used.
Flavors: r-devel-linux-x86_64-fedora-clang, r-devel-linux-x86_64-fedora-gcc, r-devel-windows-x86_64-gcc10-UCRT, r-patched-solaris-x86, r-release-macos-arm64, r-release-macos-x86_64, r-oldrel-macos-x86_64