CRAN Package Check Results for Package NHSRplotthedots

Last updated on 2024-06-13 00:55:24 CEST.

Flavor Version Tinstall Tcheck Ttotal Status Flags
r-devel-linux-x86_64-debian-clang 0.1.0 5.39 167.59 172.98 OK
r-devel-linux-x86_64-debian-gcc 0.1.0 0.44 1.71 2.15 ERROR
r-devel-linux-x86_64-fedora-clang 0.1.0 210.57 NOTE
r-devel-linux-x86_64-fedora-gcc 0.1.0 209.87 NOTE
r-devel-windows-x86_64 0.1.0 7.00 125.00 132.00 OK
r-patched-linux-x86_64 0.1.0 6.66 157.86 164.52 OK
r-release-linux-x86_64 0.1.0 6.09 160.88 166.97 OK
r-release-macos-arm64 0.1.0 61.00 OK
r-release-macos-x86_64 0.1.0 132.00 OK
r-release-windows-x86_64 0.1.0 7.00 123.00 130.00 OK
r-oldrel-macos-arm64 0.1.0 63.00 OK
r-oldrel-macos-x86_64 0.1.0 104.00 OK
r-oldrel-windows-x86_64 0.1.0 8.00 152.00 160.00 OK

Check Details

Version: 0.1.0
Check: package dependencies
Result: ERROR Packages required but not available: 'ggplot2', 'dplyr', 'NHSRdatasets' Packages suggested but not available for checking: 'testthat', 'mockery' See section ‘The DESCRIPTION file’ in the ‘Writing R Extensions’ manual. Flavor: r-devel-linux-x86_64-debian-gcc

Version: 0.1.0
Check: dependencies in R code
Result: NOTE Namespaces in Imports field not imported from: ‘NHSRdatasets’ ‘grid’ ‘utils’ All declared Imports should be used. Flavors: r-devel-linux-x86_64-fedora-clang, r-devel-linux-x86_64-fedora-gcc