CRAN Package Check Results for Package NORMA

Last updated on 2024-06-21 00:57:17 CEST.

Flavor Version Tinstall Tcheck Ttotal Status Flags
r-devel-linux-x86_64-debian-clang 0.1 2.79 24.15 26.94 NOTE
r-devel-linux-x86_64-debian-gcc 0.1 2.10 18.87 20.97 NOTE
r-devel-linux-x86_64-fedora-clang 0.1 33.58 NOTE
r-devel-linux-x86_64-fedora-gcc 0.1 31.85 NOTE
r-devel-windows-x86_64 0.1 3.00 76.00 79.00 NOTE
r-patched-linux-x86_64 0.1 4.43 23.51 27.94 NOTE
r-release-linux-x86_64 0.1 1.81 24.02 25.83 NOTE
r-release-macos-arm64 0.1 14.00 NOTE
r-release-macos-x86_64 0.1 20.00 NOTE
r-release-windows-x86_64 0.1 3.00 39.00 42.00 NOTE
r-oldrel-macos-arm64 0.1 18.00 NOTE
r-oldrel-macos-x86_64 0.1 19.00 NOTE
r-oldrel-windows-x86_64 0.1 5.00 39.00 44.00 NOTE

Check Details

Version: 0.1
Check: Rd files
Result: NOTE checkRd: (-1) mle_parameters.Rd:36: Lost braces in \itemize; meant \describe ? checkRd: (-1) mle_parameters.Rd:37: Lost braces in \itemize; meant \describe ? checkRd: (-1) mle_parameters.Rd:38: Lost braces in \itemize; meant \describe ? checkRd: (-1) mle_parameters.Rd:39: Lost braces in \itemize; meant \describe ? checkRd: (-1) mle_parameters.Rd:40: Lost braces in \itemize; meant \describe ? checkRd: (-1) mle_parameters.Rd:41: Lost braces in \itemize; meant \describe ? checkRd: (-1) mle_parameters.Rd:42: Lost braces in \itemize; meant \describe ? Flavors: r-devel-linux-x86_64-debian-clang, r-devel-linux-x86_64-debian-gcc, r-devel-linux-x86_64-fedora-clang, r-devel-linux-x86_64-fedora-gcc, r-devel-windows-x86_64, r-patched-linux-x86_64, r-release-linux-x86_64, r-release-macos-arm64, r-release-macos-x86_64, r-release-windows-x86_64

Version: 0.1
Check: LazyData
Result: NOTE 'LazyData' is specified without a 'data' directory Flavors: r-devel-linux-x86_64-debian-clang, r-devel-linux-x86_64-debian-gcc, r-devel-linux-x86_64-fedora-clang, r-devel-linux-x86_64-fedora-gcc, r-devel-windows-x86_64, r-patched-linux-x86_64, r-release-linux-x86_64, r-release-macos-arm64, r-release-macos-x86_64, r-release-windows-x86_64, r-oldrel-macos-arm64, r-oldrel-macos-x86_64, r-oldrel-windows-x86_64