CRAN Package Check Results for Package NORMA

Last updated on 2023-10-04 00:58:30 CEST.

Flavor Version Tinstall Tcheck Ttotal Status Flags
r-devel-linux-x86_64-debian-clang 0.1 2.01 23.67 25.68 NOTE
r-devel-linux-x86_64-debian-gcc 0.1 2.01 18.59 20.60 NOTE
r-devel-linux-x86_64-fedora-clang 0.1 33.40 NOTE
r-devel-linux-x86_64-fedora-gcc 0.1 31.79 NOTE
r-devel-windows-x86_64 0.1 5.00 40.00 45.00 NOTE
r-patched-linux-x86_64 0.1 3.65 23.01 26.66 NOTE
r-release-linux-x86_64 0.1 2.58 23.54 26.12 NOTE
r-release-macos-arm64 0.1 18.00 NOTE
r-release-macos-x86_64 0.1 19.00 NOTE
r-release-windows-x86_64 0.1 3.00 40.00 43.00 NOTE
r-oldrel-macos-arm64 0.1 15.00 NOTE
r-oldrel-macos-x86_64 0.1 20.00 NOTE
r-oldrel-windows-x86_64 0.1 4.00 41.00 45.00 NOTE

Check Details

Version: 0.1
Check: LazyData
Result: NOTE
     'LazyData' is specified without a 'data' directory
Flavors: r-devel-linux-x86_64-debian-clang, r-devel-linux-x86_64-debian-gcc, r-devel-linux-x86_64-fedora-clang, r-devel-linux-x86_64-fedora-gcc, r-devel-windows-x86_64, r-patched-linux-x86_64, r-release-linux-x86_64, r-release-macos-arm64, r-release-macos-x86_64, r-release-windows-x86_64, r-oldrel-macos-arm64, r-oldrel-macos-x86_64, r-oldrel-windows-x86_64