CRAN Package Check Results for Package Nmisc

Last updated on 2024-06-14 00:53:51 CEST.

Flavor Version Tinstall Tcheck Ttotal Status Flags
r-devel-linux-x86_64-debian-clang 0.3.7 3.56 36.34 39.90 OK
r-devel-linux-x86_64-debian-gcc 0.3.7 0.37 1.56 1.93 ERROR
r-devel-linux-x86_64-fedora-clang 0.3.7 51.44 OK
r-devel-linux-x86_64-fedora-gcc 0.3.7 49.02 OK
r-devel-windows-x86_64 0.3.7 4.00 51.00 55.00 OK
r-patched-linux-x86_64 0.3.7 4.30 35.88 40.18 OK
r-release-linux-x86_64 0.3.7 2.36 36.60 38.96 OK
r-release-macos-arm64 0.3.7 21.00 OK
r-release-macos-x86_64 0.3.7 29.00 OK
r-release-windows-x86_64 0.3.7 5.00 51.00 56.00 OK
r-oldrel-macos-arm64 0.3.7 21.00 OK
r-oldrel-macos-x86_64 0.3.7 26.00 OK
r-oldrel-windows-x86_64 0.3.7 5.00 55.00 60.00 OK

Check Details

Version: 0.3.7
Check: package dependencies
Result: ERROR Packages required but not available: 'dplyr', 'purrr', 'tibble', 'tidyselect', 'stringr' Packages suggested but not available for checking: 'lubridate', 'testthat' See section ‘The DESCRIPTION file’ in the ‘Writing R Extensions’ manual. Flavor: r-devel-linux-x86_64-debian-gcc