CRAN Package Check Results for Package NonProbEst

Last updated on 2023-12-11 00:49:13 CET.

Flavor Version Tinstall Tcheck Ttotal Status Flags
r-devel-linux-x86_64-debian-clang 0.2.4 16.95 161.08 178.03 OK
r-devel-linux-x86_64-debian-gcc 0.2.4 12.30 117.44 129.74 OK
r-devel-linux-x86_64-fedora-clang 0.2.4 211.27 NOTE
r-devel-linux-x86_64-fedora-gcc 0.2.4 199.73 NOTE
r-devel-windows-x86_64 0.2.4 14.00 134.00 148.00 OK
r-patched-linux-x86_64 0.2.4 11.30 154.27 165.57 OK
r-release-linux-x86_64 0.2.4 10.72 156.46 167.18 OK
r-release-macos-arm64 0.2.4 66.00 OK
r-release-macos-x86_64 0.2.4 116.00 OK
r-release-windows-x86_64 0.2.4 17.00 167.00 184.00 OK
r-oldrel-macos-arm64 0.2.4 63.00 NOTE
r-oldrel-macos-x86_64 0.2.4 109.00 NOTE
r-oldrel-windows-x86_64 0.2.4 20.00 169.00 189.00 OK

Check Details

Version: 0.2.4
Check: dependencies in R code
Result: NOTE Namespaces in Imports field not imported from: ‘Matrix’ ‘e1071’ ‘glmnet’ All declared Imports should be used. Flavors: r-devel-linux-x86_64-fedora-clang, r-devel-linux-x86_64-fedora-gcc, r-oldrel-macos-arm64, r-oldrel-macos-x86_64