CRAN Package Check Results for Package NonProbEst

Last updated on 2021-10-25 00:49:19 CEST.

Flavor Version Tinstall Tcheck Ttotal Status Flags
r-devel-linux-x86_64-debian-clang 0.2.4 14.15 151.68 165.83 OK
r-devel-linux-x86_64-debian-gcc 0.2.4 11.16 115.26 126.42 OK
r-devel-linux-x86_64-fedora-clang 0.2.4 204.21 NOTE
r-devel-linux-x86_64-fedora-gcc 0.2.4 192.74 NOTE
r-devel-windows-x86_64 0.2.4 22.00 188.00 210.00 OK
r-devel-windows-x86_64-gcc10-UCRT 0.2.4 NOTE
r-patched-linux-x86_64 0.2.4 12.60 145.24 157.84 OK
r-patched-solaris-x86 0.2.4 292.30 NOTE
r-release-linux-x86_64 0.2.4 12.82 145.49 158.31 OK
r-release-macos-arm64 0.2.4 NOTE
r-release-macos-x86_64 0.2.4 NOTE
r-release-windows-ix86+x86_64 0.2.4 25.00 183.00 208.00 OK
r-oldrel-macos-x86_64 0.2.4 NOTE
r-oldrel-windows-ix86+x86_64 0.2.4 33.00 200.00 233.00 OK

Check Details

Version: 0.2.4
Check: dependencies in R code
Result: NOTE
    Namespaces in Imports field not imported from:
     ‘Matrix’ ‘e1071’ ‘glmnet’
     All declared Imports should be used.
Flavors: r-devel-linux-x86_64-fedora-clang, r-devel-linux-x86_64-fedora-gcc, r-devel-windows-x86_64-gcc10-UCRT, r-patched-solaris-x86, r-release-macos-arm64, r-release-macos-x86_64, r-oldrel-macos-x86_64