CRAN Package Check Results for Package NormalBetaPrime

Last updated on 2021-10-26 00:59:59 CEST.

Flavor Version Tinstall Tcheck Ttotal Status Flags
r-devel-linux-x86_64-debian-clang 2.2 10.77 91.16 101.93 OK
r-devel-linux-x86_64-debian-gcc 2.2 8.13 68.45 76.58 OK
r-devel-linux-x86_64-fedora-clang 2.2 130.55 NOTE
r-devel-linux-x86_64-fedora-gcc 2.2 121.08 OK
r-devel-windows-x86_64 2.2 16.00 119.00 135.00 OK
r-devel-windows-x86_64-gcc10-UCRT 2.2 OK
r-patched-linux-x86_64 2.2 10.56 89.81 100.37 OK
r-patched-solaris-x86 2.2 169.80 NOTE
r-release-linux-x86_64 2.2 8.37 88.18 96.55 OK
r-release-macos-arm64 2.2 NOTE
r-release-macos-x86_64 2.2 NOTE
r-release-windows-ix86+x86_64 2.2 15.00 115.00 130.00 OK
r-oldrel-macos-x86_64 2.2 NOTE
r-oldrel-windows-ix86+x86_64 2.2 21.00 126.00 147.00 OK

Check Details

Version: 2.2
Check: installed package size
Result: NOTE
     installed size is 5.1Mb
     sub-directories of 1Mb or more:
     data 4.8Mb
Flavors: r-devel-linux-x86_64-fedora-clang, r-patched-solaris-x86, r-release-macos-arm64, r-release-macos-x86_64, r-oldrel-macos-x86_64