CRAN Package Check Results for Package NormalLaplace

Last updated on 2025-01-21 00:48:34 CET.

Flavor Version Tinstall Tcheck Ttotal Status Flags
r-devel-linux-x86_64-debian-clang 0.3-1 2.38 26.64 29.02 NOTE
r-devel-linux-x86_64-debian-gcc 0.3-1 1.72 20.83 22.55 NOTE
r-devel-linux-x86_64-fedora-clang 0.3-1 47.03 OK
r-devel-linux-x86_64-fedora-gcc 0.3-1 45.01 OK
r-devel-windows-x86_64 0.3-1 4.00 51.00 55.00 NOTE
r-patched-linux-x86_64 0.3-1 4.15 25.54 29.69 OK
r-release-linux-x86_64 0.3-1 2.34 25.75 28.09 OK
r-release-macos-arm64 0.3-1 18.00 OK
r-release-macos-x86_64 0.3-1 27.00 OK
r-release-windows-x86_64 0.3-1 5.00 53.00 58.00 OK
r-oldrel-macos-arm64 0.3-1 23.00 OK
r-oldrel-macos-x86_64 0.3-1 38.00 OK
r-oldrel-windows-x86_64 0.3-1 4.00 49.00 53.00 OK

Check Details

Version: 0.3-1
Check: Rd cross-references
Result: NOTE Found the following Rd file(s) with Rd \link{} targets missing package anchors: nlFit.Rd: logHist Please provide package anchors for all Rd \link{} targets not in the package itself and the base packages. Flavors: r-devel-linux-x86_64-debian-clang, r-devel-linux-x86_64-debian-gcc, r-devel-windows-x86_64