CRAN Package Check Results for Package OAIHarvester

Last updated on 2018-01-24 00:47:07 CET.

Flavor Version Tinstall Tcheck Ttotal Status Flags
r-devel-linux-x86_64-debian-clang 0.3-0 0.93 29.38 30.31 OK
r-devel-linux-x86_64-debian-gcc 0.3-0 0.99 23.27 24.26 OK
r-devel-linux-x86_64-fedora-clang 0.3-0 36.15 OK
r-devel-linux-x86_64-fedora-gcc 0.3-0 35.05 OK
r-devel-windows-ix86+x86_64 0.3-0 5.00 78.00 83.00 OK
r-patched-linux-x86_64 0.3-0 1.35 28.03 29.38 OK
r-patched-solaris-x86 0.3-0 55.10 OK
r-release-linux-x86_64 0.3-0 1.34 28.19 29.53 OK
r-release-windows-ix86+x86_64 0.3-0 4.00 76.00 80.00 OK
r-release-osx-x86_64 0.3-0 NOTE
r-oldrel-windows-ix86+x86_64 0.3-0 4.00 58.00 62.00 OK
r-oldrel-osx-x86_64 0.3-0 OK

Check Details

Version: 0.3-0
Check: re-building of vignette outputs
Result: NOTE
    Error in re-building vignettes:
     ...
    Loading required package: xml2
    Error in texi2dvi(file = file, pdf = TRUE, clean = clean, quiet = quiet, :
     Running 'texi2dvi' on 'oaih.tex' failed.
    LaTeX errors:
    ! LaTeX Error: File `a4wide.sty' not found.
    
    Type X to quit or <RETURN> to proceed,
    or enter new name. (Default extension: sty)
    
    ! Emergency stop.
    <read *>
    
    l.8 ^^M
    
    ! ==> Fatal error occurred, no output PDF file produced!
    Calls: buildVignettes -> texi2pdf -> texi2dvi
    Execution halted
Flavor: r-release-osx-x86_64