CRAN Package Check Results for Package OAIHarvester

Last updated on 2018-10-19 00:50:11 CEST.

Flavor Version Tinstall Tcheck Ttotal Status Flags
r-devel-linux-x86_64-debian-clang 0.3-0 2.03 31.53 33.56 OK
r-devel-linux-x86_64-debian-gcc 0.3-0 1.54 25.50 27.04 OK
r-devel-linux-x86_64-fedora-clang 0.3-0 40.27 OK
r-devel-linux-x86_64-fedora-gcc 0.3-0 38.61 OK
r-devel-windows-ix86+x86_64 0.3-0 5.00 59.00 64.00 OK
r-patched-linux-x86_64 0.3-0 1.87 28.19 30.06 OK
r-patched-solaris-x86 0.3-0 56.80 OK
r-release-linux-x86_64 0.3-0 1.89 28.35 30.24 OK
r-release-windows-ix86+x86_64 0.3-0 4.00 70.00 74.00 OK
r-release-osx-x86_64 0.3-0 OK
r-oldrel-windows-ix86+x86_64 0.3-0 4.00 72.00 76.00 OK
r-oldrel-osx-x86_64 0.3-0 NOTE

Check Details

Version: 0.3-0
Check: re-building of vignette outputs
Result: NOTE
    Error in re-building vignettes:
     ...
    Loading required package: xml2
    Error in texi2dvi(file = file, pdf = TRUE, clean = clean, quiet = quiet, :
     Running 'texi2dvi' on 'oaih.tex' failed.
    LaTeX errors:
    ! LaTeX Error: File `a4wide.sty' not found.
    
    Type X to quit or <RETURN> to proceed,
    or enter new name. (Default extension: sty)
    
    ! Emergency stop.
    <read *>
    
    l.8 ^^M
    
    ! ==> Fatal error occurred, no output PDF file produced!
    Calls: buildVignettes -> texi2pdf -> texi2dvi
    Execution halted
Flavor: r-oldrel-osx-x86_64