CRAN Package Check Results for Package OAIHarvester

Last updated on 2018-07-17 00:52:53 CEST.

Flavor Version Tinstall Tcheck Ttotal Status Flags
r-devel-linux-x86_64-debian-clang 0.3-0 2.04 28.26 30.30 OK
r-devel-linux-x86_64-debian-gcc 0.3-0 1.53 24.34 25.87 OK
r-devel-linux-x86_64-fedora-clang 0.3-0 38.34 OK
r-devel-linux-x86_64-fedora-gcc 0.3-0 38.69 OK
r-devel-windows-ix86+x86_64 0.3-0 6.00 61.00 67.00 OK
r-patched-linux-x86_64 0.3-0 1.62 28.37 29.99 OK
r-patched-solaris-x86 0.3-0 56.50 OK
r-release-linux-x86_64 0.3-0 1.33 28.51 29.84 OK
r-release-windows-ix86+x86_64 0.3-0 5.00 81.00 86.00 OK
r-release-osx-x86_64 0.3-0 OK
r-oldrel-windows-ix86+x86_64 0.3-0 3.00 74.00 77.00 OK
r-oldrel-osx-x86_64 0.3-0 NOTE

Check Details

Version: 0.3-0
Check: re-building of vignette outputs
Result: NOTE
    Error in re-building vignettes:
     ...
    Loading required package: xml2
    Error in texi2dvi(file = file, pdf = TRUE, clean = clean, quiet = quiet, :
     Running 'texi2dvi' on 'oaih.tex' failed.
    LaTeX errors:
    ! LaTeX Error: File `a4wide.sty' not found.
    
    Type X to quit or <RETURN> to proceed,
    or enter new name. (Default extension: sty)
    
    ! Emergency stop.
    <read *>
    
    l.8 ^^M
    
    ! ==> Fatal error occurred, no output PDF file produced!
    Calls: buildVignettes -> texi2pdf -> texi2dvi
    Execution halted
Flavor: r-oldrel-osx-x86_64