CRAN Package Check Results for Package OOI

Last updated on 2021-12-08 00:49:26 CET.

Flavor Version Tinstall Tcheck Ttotal Status Flags
r-devel-linux-x86_64-debian-clang 0.1.0 2.31 37.57 39.88 NOTE
r-devel-linux-x86_64-debian-gcc 0.1.0 2.01 29.47 31.48 NOTE
r-devel-linux-x86_64-fedora-clang 0.1.0 50.33 NOTE
r-devel-linux-x86_64-fedora-gcc 0.1.0 38.56 NOTE
r-devel-windows-x86_64-new-UL 0.1.0 7.00 59.00 66.00 NOTE
r-devel-windows-x86_64-new-TK 0.1.0 NOTE
r-devel-windows-x86_64-old 0.1.0 6.00 53.00 59.00 NOTE
r-patched-linux-x86_64 0.1.0 2.26 36.57 38.83 NOTE
r-release-linux-x86_64 0.1.0 2.49 36.47 38.96 NOTE
r-release-macos-arm64 0.1.0 NOTE
r-release-macos-x86_64 0.1.0 NOTE
r-release-windows-ix86+x86_64 0.1.0 5.00 48.00 53.00 NOTE
r-oldrel-macos-x86_64 0.1.0 OK
r-oldrel-windows-ix86+x86_64 0.1.0 5.00 47.00 52.00 OK

Check Details

Version: 0.1.0
Check: LazyData
Result: NOTE
     'LazyData' is specified without a 'data' directory
Flavors: r-devel-linux-x86_64-debian-clang, r-devel-linux-x86_64-debian-gcc, r-devel-linux-x86_64-fedora-clang, r-devel-linux-x86_64-fedora-gcc, r-devel-windows-x86_64-new-UL, r-devel-windows-x86_64-new-TK, r-devel-windows-x86_64-old, r-patched-linux-x86_64, r-release-linux-x86_64, r-release-macos-arm64, r-release-macos-x86_64, r-release-windows-ix86+x86_64