Last updated on 2023-12-02 00:52:04 CET.
Flavor | Version | Tinstall | Tcheck | Ttotal | Status | Flags |
---|---|---|---|---|---|---|
r-devel-linux-x86_64-debian-clang | 1.0.0 | 4.98 | 38.56 | 43.54 | NOTE | |
r-devel-linux-x86_64-debian-gcc | 1.0.0 | 2.95 | 29.43 | 32.38 | NOTE | |
r-devel-linux-x86_64-fedora-clang | 1.0.0 | 54.42 | NOTE | |||
r-devel-linux-x86_64-fedora-gcc | 1.0.0 | 50.43 | NOTE | |||
r-devel-windows-x86_64 | 1.0.0 | 5.00 | 56.00 | 61.00 | NOTE | |
r-patched-linux-x86_64 | 1.0.0 | 4.62 | 37.32 | 41.94 | NOTE | |
r-release-linux-x86_64 | 1.0.0 | 3.65 | 36.99 | 40.64 | NOTE | |
r-release-macos-arm64 | 1.0.0 | 24.00 | NOTE | |||
r-release-macos-x86_64 | 1.0.0 | 29.00 | NOTE | |||
r-release-windows-x86_64 | 1.0.0 | 7.00 | 54.00 | 61.00 | NOTE | |
r-oldrel-macos-arm64 | 1.0.0 | 21.00 | NOTE | |||
r-oldrel-macos-x86_64 | 1.0.0 | 29.00 | NOTE | |||
r-oldrel-windows-x86_64 | 1.0.0 | 6.00 | 59.00 | 65.00 | NOTE |
Version: 1.0.0
Check: LazyData
Result: NOTE
'LazyData' is specified without a 'data' directory
Flavors: r-devel-linux-x86_64-debian-clang, r-devel-linux-x86_64-debian-gcc, r-devel-linux-x86_64-fedora-clang, r-devel-linux-x86_64-fedora-gcc, r-devel-windows-x86_64, r-patched-linux-x86_64, r-release-linux-x86_64, r-release-macos-arm64, r-release-macos-x86_64, r-release-windows-x86_64, r-oldrel-macos-arm64, r-oldrel-macos-x86_64, r-oldrel-windows-x86_64