CRAN Package Check Results for Package OSCV

Last updated on 2021-12-08 00:49:26 CET.

Flavor Version Tinstall Tcheck Ttotal Status Flags
r-devel-linux-x86_64-debian-clang 1.0 4.25 35.53 39.78 NOTE
r-devel-linux-x86_64-debian-gcc 1.0 2.68 28.06 30.74 NOTE
r-devel-linux-x86_64-fedora-clang 1.0 50.25 NOTE
r-devel-linux-x86_64-fedora-gcc 1.0 38.93 NOTE
r-devel-windows-x86_64-new-UL 1.0 9.00 62.00 71.00 NOTE
r-devel-windows-x86_64-new-TK 1.0 NOTE
r-devel-windows-x86_64-old 1.0 6.00 45.00 51.00 NOTE
r-patched-linux-x86_64 1.0 3.56 34.77 38.33 NOTE
r-release-linux-x86_64 1.0 3.72 34.76 38.48 NOTE
r-release-macos-arm64 1.0 NOTE
r-release-macos-x86_64 1.0 NOTE
r-release-windows-ix86+x86_64 1.0 6.00 45.00 51.00 NOTE
r-oldrel-macos-x86_64 1.0 OK
r-oldrel-windows-ix86+x86_64 1.0 8.00 43.00 51.00 OK

Check Details

Version: 1.0
Check: LazyData
Result: NOTE
     'LazyData' is specified without a 'data' directory
Flavors: r-devel-linux-x86_64-debian-clang, r-devel-linux-x86_64-debian-gcc, r-devel-linux-x86_64-fedora-clang, r-devel-linux-x86_64-fedora-gcc, r-devel-windows-x86_64-new-UL, r-devel-windows-x86_64-new-TK, r-devel-windows-x86_64-old, r-patched-linux-x86_64, r-release-linux-x86_64, r-release-macos-arm64, r-release-macos-x86_64, r-release-windows-ix86+x86_64