CRAN Package Check Results for Package OjaNP

Last updated on 2021-12-07 00:49:25 CET.

Flavor Version Tinstall Tcheck Ttotal Status Flags
r-devel-linux-x86_64-debian-clang 1.0-0 71.87 83.62 155.49 OK
r-devel-linux-x86_64-debian-gcc 1.0-0 53.48 64.71 118.19 OK
r-devel-linux-x86_64-fedora-clang 1.0-0 245.68 OK
r-devel-linux-x86_64-fedora-gcc 1.0-0 191.50 OK
r-devel-windows-x86_64-new-UL 1.0-0 106.00 141.00 247.00 OK
r-devel-windows-x86_64-new-TK 1.0-0 OK
r-devel-windows-x86_64-old 1.0-0 96.00 82.00 178.00 OK
r-patched-linux-x86_64 1.0-0 60.34 72.34 132.68 OK
r-release-linux-x86_64 1.0-0 65.33 81.77 147.10 OK
r-release-macos-arm64 1.0-0 NOTE
r-release-macos-x86_64 1.0-0 OK
r-release-windows-ix86+x86_64 1.0-0 183.00 139.00 322.00 OK
r-oldrel-macos-x86_64 1.0-0 OK
r-oldrel-windows-ix86+x86_64 1.0-0 185.00 139.00 324.00 OK

Check Details

Version: 1.0-0
Check: installed package size
Result: NOTE
     installed size is 5.2Mb
     sub-directories of 1Mb or more:
     libs 4.9Mb
Flavor: r-release-macos-arm64