CRAN Package Check Results for Package OlinkAnalyze

Last updated on 2024-06-25 00:58:09 CEST.

Flavor Version Tinstall Tcheck Ttotal Status Flags
r-devel-linux-x86_64-debian-clang 3.7.0 21.86 567.47 589.33 OK
r-devel-linux-x86_64-debian-gcc 3.7.0 16.83 415.89 432.72 OK
r-devel-linux-x86_64-fedora-clang 3.7.0 721.04 OK
r-devel-linux-x86_64-fedora-gcc 3.7.0 754.66 OK
r-devel-windows-x86_64 3.7.0 20.00 411.00 431.00 OK
r-patched-linux-x86_64 3.7.0 20.16 543.32 563.48 OK
r-release-linux-x86_64 3.7.0 21.60 543.08 564.68 OK
r-release-macos-arm64 3.7.0 214.00 ERROR
r-release-macos-x86_64 3.7.0 303.00 OK
r-release-windows-x86_64 3.7.0 22.00 405.00 427.00 OK
r-oldrel-macos-arm64 3.7.0 152.00 OK
r-oldrel-macos-x86_64 3.7.0 243.00 OK
r-oldrel-windows-x86_64 3.7.0 26.00 526.00 552.00 OK

Check Details

Version: 3.7.0
Check: tests
Result: ERROR Running ‘testthat.R’ [73s/77s] Running the tests in ‘tests/testthat.R’ failed. Last 13 lines of output: • pca_plot/pca-basic-plotting.svg • pca_plot/pca-plot-color-by-treatment.svg • pca_plot/pca-plot-drop-assays-and-drop-samples.svg • pca_plot/pca-plot-internal-2.svg • pca_plot/pca-plot-internal-3.svg • pca_plot/pca-plot-internal-4.svg • pca_plot/pca-plot-internal.svg • pca_plot/pca-plot-label-outliers.svg • pca_plot/pca-plot-not-label-outliers.svg • pca_plot/pca-plot-panel-1.svg • pca_plot/pca-plot-panel-2.svg • pca_plot/pca-plot-with-loadings.svg • pca_plot/pca-plot.svg Error: Test failures Execution halted Flavor: r-release-macos-arm64