Last updated on 2023-04-01 00:53:06 CEST.
Flavor | Version | Tinstall | Tcheck | Ttotal | Status | Flags |
---|---|---|---|---|---|---|
r-devel-linux-x86_64-debian-clang | 1.12 | 11.49 | 84.73 | 96.22 | OK | |
r-devel-linux-x86_64-debian-gcc | 1.12 | 8.45 | 63.42 | 71.87 | OK | |
r-devel-linux-x86_64-fedora-clang | 1.12 | 114.97 | OK | |||
r-devel-linux-x86_64-fedora-gcc | 1.12 | 120.08 | OK | |||
r-devel-windows-x86_64 | 1.12 | 88.00 | 132.00 | 220.00 | OK | |
r-patched-linux-x86_64 | 1.12 | 13.14 | 79.32 | 92.46 | OK | |
r-release-linux-x86_64 | 1.12 | 8.48 | 74.67 | 83.15 | OK | |
r-release-macos-arm64 | 1.12 | 38.00 | OK | |||
r-release-macos-x86_64 | 1.12 | 45.00 | OK | |||
r-release-windows-x86_64 | 1.12 | 102.00 | 120.00 | 222.00 | OK | |
r-oldrel-macos-arm64 | 1.12 | 39.00 | OK | |||
r-oldrel-macos-x86_64 | 1.12 | 50.00 | OK | |||
r-oldrel-windows-ix86+x86_64 | 1.12 | 20.00 | 100.00 | 120.00 | NOTE |
Version: 1.12
Check: R code for possible problems
Result: NOTE
Initiating curl with CURL_SSL_BACKEND: openssl
Flavor: r-oldrel-windows-ix86+x86_64