Last updated on 2023-06-10 00:54:52 CEST.
Flavor | Version | Tinstall | Tcheck | Ttotal | Status | Flags |
---|---|---|---|---|---|---|
r-devel-linux-x86_64-debian-clang | 2.21.8 | 1508.45 | 442.41 | 1950.86 | NOTE | |
r-devel-linux-x86_64-debian-gcc | 2.21.8 | 1172.28 | 402.50 | 1574.78 | NOTE | |
r-devel-linux-x86_64-fedora-clang | 2.21.8 | 2457.32 | NOTE | |||
r-devel-linux-x86_64-fedora-gcc | 2.21.8 | 2778.21 | NOTE | |||
r-devel-windows-x86_64 | 2.21.8 | 981.00 | 438.00 | 1419.00 | NOTE | |
r-patched-linux-x86_64 | 2.21.8 | 1249.55 | 499.67 | 1749.22 | NOTE | |
r-release-linux-x86_64 | 2.21.8 | 1215.25 | 485.94 | 1701.19 | NOTE | |
r-release-macos-arm64 | 2.21.8 | 582.00 | NOTE | |||
r-release-macos-x86_64 | 2.21.8 | 1036.00 | NOTE | |||
r-release-windows-x86_64 | 2.21.8 | 1235.00 | 576.00 | 1811.00 | NOTE | |
r-oldrel-macos-arm64 | 2.21.8 | 555.00 | NOTE | |||
r-oldrel-macos-x86_64 | 2.21.8 | 702.00 | NOTE | |||
r-oldrel-windows-x86_64 | 2.21.8 | 1216.00 | 481.00 | 1697.00 | NOTE |
Version: 2.21.8
Check: for GNU extensions in Makefiles
Result: NOTE
GNU make is a SystemRequirements.
Flavors: r-devel-linux-x86_64-debian-clang, r-devel-linux-x86_64-debian-gcc, r-devel-linux-x86_64-fedora-clang, r-devel-linux-x86_64-fedora-gcc, r-devel-windows-x86_64, r-patched-linux-x86_64, r-release-linux-x86_64, r-release-macos-arm64, r-release-macos-x86_64, r-release-windows-x86_64, r-oldrel-macos-arm64, r-oldrel-macos-x86_64, r-oldrel-windows-x86_64
Version: 2.21.8
Check: installed package size
Result: NOTE
installed size is 16.8Mb
sub-directories of 1Mb or more:
R 2.6Mb
data 1.5Mb
libs 5.6Mb
models 4.8Mb
Flavors: r-devel-linux-x86_64-fedora-clang, r-devel-windows-x86_64, r-release-macos-arm64, r-release-macos-x86_64, r-release-windows-x86_64, r-oldrel-macos-arm64, r-oldrel-macos-x86_64, r-oldrel-windows-x86_64