Last updated on 2023-09-24 00:56:48 CEST.
Flavor | Version | Tinstall | Tcheck | Ttotal | Status | Flags |
---|---|---|---|---|---|---|
r-devel-linux-x86_64-debian-clang | 0.1.2 | 9.25 | 82.46 | 91.71 | OK | |
r-devel-linux-x86_64-debian-gcc | 0.1.2 | 7.16 | 70.54 | 77.70 | OK | |
r-devel-linux-x86_64-fedora-clang | 0.1.2 | 118.07 | OK | |||
r-devel-linux-x86_64-fedora-gcc | 0.1.2 | 128.53 | OK | |||
r-devel-windows-x86_64 | 0.1.2 | 9.00 | 78.00 | 87.00 | OK | |
r-patched-linux-x86_64 | 0.1.2 | 7.16 | 80.38 | 87.54 | OK | |
r-release-linux-x86_64 | 0.1.2 | 5.69 | 78.28 | 83.97 | OK | |
r-release-macos-arm64 | 0.1.2 | 6.00 | ERROR | |||
r-release-macos-x86_64 | 0.1.2 | 68.00 | OK | |||
r-release-windows-x86_64 | 0.1.2 | 10.00 | 90.00 | 100.00 | OK | |
r-oldrel-macos-arm64 | 0.1.2 | 33.00 | OK | |||
r-oldrel-macos-x86_64 | 0.1.2 | 10.00 | ERROR | |||
r-oldrel-windows-x86_64 | 0.1.2 | 12.00 | 97.00 | 109.00 | OK |
Version: 0.1.2
Check: whether package can be installed
Result: ERROR
Installation failed.
Flavor: r-release-macos-arm64
Version: 0.1.2
Check: package dependencies
Result: ERROR
Package required but not available: ‘heatmapFlex’
See section ‘The DESCRIPTION file’ in the ‘Writing R Extensions’
manual.
Flavor: r-oldrel-macos-x86_64