CRAN Package Check Results for Package PAMpal

Last updated on 2021-10-25 00:49:20 CEST.

Flavor Version Tinstall Tcheck Ttotal Status Flags
r-devel-linux-x86_64-debian-clang 0.14.4 31.47 202.51 233.98 OK
r-devel-linux-x86_64-debian-gcc 0.14.4 25.34 155.01 180.35 OK
r-devel-linux-x86_64-fedora-clang 0.14.4 296.55 NOTE
r-devel-linux-x86_64-fedora-gcc 0.14.4 280.34 NOTE
r-devel-windows-x86_64 0.14.4 38.00 224.00 262.00 OK
r-devel-windows-x86_64-gcc10-UCRT 0.14.4 NOTE
r-patched-linux-x86_64 0.14.4 39.19 195.64 234.83 OK
r-patched-solaris-x86 0.14.4 341.90 NOTE
r-release-linux-x86_64 0.14.4 29.11 194.65 223.76 OK
r-release-macos-arm64 0.13.0 NOTE
r-release-macos-x86_64 0.14.4 NOTE
r-release-windows-ix86+x86_64 0.14.4 36.00 236.00 272.00 OK
r-oldrel-macos-x86_64 0.14.4 NOTE
r-oldrel-windows-ix86+x86_64 0.14.4 34.00 161.00 195.00 OK

Check Details

Version: 0.14.4
Check: dependencies in R code
Result: NOTE
    Namespaces in Imports field not imported from:
     ‘rjson’ ‘rstudioapi’
     All declared Imports should be used.
Flavors: r-devel-linux-x86_64-fedora-clang, r-devel-linux-x86_64-fedora-gcc, r-devel-windows-x86_64-gcc10-UCRT, r-patched-solaris-x86, r-release-macos-x86_64, r-oldrel-macos-x86_64

Version: 0.13.0
Check: dependencies in R code
Result: NOTE
    Namespaces in Imports field not imported from:
     ‘rjson’ ‘rstudioapi’
     All declared Imports should be used.
Flavor: r-release-macos-arm64