CRAN Package Check Results for Package PASSED

Last updated on 2023-09-24 00:56:48 CEST.

Flavor Version Tinstall Tcheck Ttotal Status Flags
r-devel-linux-x86_64-debian-clang 1.2-1 3.25 43.44 46.69 OK
r-devel-linux-x86_64-debian-gcc 1.2-1 2.98 35.78 38.76 OK
r-devel-linux-x86_64-fedora-clang 1.2-1 59.27 OK
r-devel-linux-x86_64-fedora-gcc 1.2-1 58.66 OK
r-devel-windows-x86_64 1.2-1 5.00 54.00 59.00 OK
r-patched-linux-x86_64 1.2-1 3.26 42.15 45.41 OK
r-release-linux-x86_64 1.2-1 4.02 41.23 45.25 OK
r-release-macos-arm64 1.2-1 21.00 OK
r-release-macos-x86_64 1.2-1 38.00 OK
r-release-windows-x86_64 1.2-1 5.00 56.00 61.00 OK
r-oldrel-macos-arm64 1.2-1 24.00 NOTE
r-oldrel-macos-x86_64 1.2-1 29.00 OK
r-oldrel-windows-x86_64 1.2-1 6.00 58.00 64.00 OK

Check Details

Version: 1.2-1
Check: package dependencies
Result: NOTE
    Package suggested but not available for checking: ‘MKmisc’
Flavor: r-oldrel-macos-arm64

Version: 1.2-1
Check: Rd cross-references
Result: NOTE
    Package unavailable to check Rd xrefs: ‘MKmisc’
Flavor: r-oldrel-macos-arm64