Last updated on 2023-06-03 00:57:15 CEST.
Flavor | Version | Tinstall | Tcheck | Ttotal | Status | Flags |
---|---|---|---|---|---|---|
r-devel-linux-x86_64-debian-clang | 1.4 | 4.90 | 91.51 | 96.41 | OK | |
r-devel-linux-x86_64-debian-gcc | 1.4 | 3.64 | 65.43 | 69.07 | OK | |
r-devel-linux-x86_64-fedora-clang | 1.4 | 114.58 | NOTE | |||
r-devel-linux-x86_64-fedora-gcc | 1.4 | 130.05 | NOTE | |||
r-devel-windows-x86_64 | 1.4 | 6.00 | 86.00 | 92.00 | OK | |
r-patched-linux-x86_64 | 1.4 | OK | ||||
r-release-linux-x86_64 | 1.4 | 4.21 | 85.70 | 89.91 | OK | |
r-release-macos-arm64 | 1.4 | 45.00 | OK | |||
r-release-macos-x86_64 | 1.4 | 60.00 | OK | |||
r-release-windows-x86_64 | 1.4 | 7.00 | 98.00 | 105.00 | OK | |
r-oldrel-macos-arm64 | 1.4 | 35.00 | NOTE | |||
r-oldrel-macos-x86_64 | 1.4 | 42.00 | NOTE | |||
r-oldrel-windows-x86_64 | 1.4 | 6.00 | 101.00 | 107.00 | OK |
Version: 1.4
Check: dependencies in R code
Result: NOTE
Namespace in Imports field not imported from: ‘ade4’
All declared Imports should be used.
Flavors: r-devel-linux-x86_64-fedora-clang, r-devel-linux-x86_64-fedora-gcc, r-oldrel-macos-arm64, r-oldrel-macos-x86_64