CRAN Package Check Results for Package PBSmodelling

Last updated on 2021-10-19 00:49:26 CEST.

Flavor Version Tinstall Tcheck Ttotal Status Flags
r-devel-linux-x86_64-debian-clang 2.68.8 22.08 112.92 135.00 OK
r-devel-linux-x86_64-debian-gcc 2.68.8 16.65 85.64 102.29 OK
r-devel-linux-x86_64-fedora-clang 2.68.8 179.40 NOTE
r-devel-linux-x86_64-fedora-gcc 2.68.8 166.61 OK
r-devel-windows-x86_64 2.68.8 32.00 119.00 151.00 OK
r-devel-windows-x86_64-gcc10-UCRT 2.68.8 OK
r-patched-linux-x86_64 2.68.8 24.26 112.21 136.47 OK
r-patched-solaris-x86 2.68.8 214.80 NOTE
r-release-linux-x86_64 2.68.8 22.49 110.80 133.29 OK
r-release-macos-arm64 2.68.8 NOTE
r-release-macos-x86_64 2.68.8 NOTE
r-release-windows-ix86+x86_64 2.68.8 27.00 139.00 166.00 OK
r-oldrel-macos-x86_64 2.68.8 NOTE
r-oldrel-windows-ix86+x86_64 2.68.8 38.00 145.00 183.00 OK

Check Details

Version: 2.68.8
Check: installed package size
Result: NOTE
     installed size is 5.3Mb
     sub-directories of 1Mb or more:
     doc 1.3Mb
     examples 1.7Mb
Flavors: r-devel-linux-x86_64-fedora-clang, r-patched-solaris-x86, r-release-macos-arm64, r-release-macos-x86_64, r-oldrel-macos-x86_64