CRAN Package Check Results for Package PCICt

Last updated on 2021-11-30 00:51:37 CET.

Flavor Version Tinstall Tcheck Ttotal Status Flags
r-devel-linux-x86_64-debian-clang 0.5-4.1 4.92 26.51 31.43 OK
r-devel-linux-x86_64-debian-gcc 0.5-4.1 3.37 21.68 25.05 OK
r-devel-linux-x86_64-fedora-clang 0.5-4.1 49.61 NOTE
r-devel-linux-x86_64-fedora-gcc 0.5-4.1 40.67 NOTE
r-devel-windows-x86_64-new-UL 0.5-4.1 11.00 69.00 80.00 OK
r-devel-windows-x86_64-new-TK 0.5-4.1 OK
r-devel-windows-x86_64-old 0.5-4.1 8.00 38.00 46.00 OK
r-patched-linux-x86_64 0.5-4.1 4.11 25.84 29.95 OK
r-patched-solaris-x86 0.5-4.1 60.50 OK
r-release-linux-x86_64 0.5-4.1 4.24 26.02 30.26 OK
r-release-macos-arm64 0.5-4.1 OK
r-release-macos-x86_64 0.5-4.1 OK
r-release-windows-ix86+x86_64 0.5-4.1 11.00 53.00 64.00 OK
r-oldrel-macos-x86_64 0.5-4.1 OK
r-oldrel-windows-ix86+x86_64 0.5-4.1 33.00 44.00 77.00 OK

Additional issues

rchk

Check Details

Version: 0.5-4.1
Check: compiled code
Result: NOTE
    File ‘PCICt/libs/PCICt.so’:
     Found no call to: ‘R_useDynamicSymbols’
    
    It is good practice to register native routines and to disable symbol
    search.
    
    See ‘Writing portable packages’ in the ‘Writing R Extensions’ manual.
Flavors: r-devel-linux-x86_64-fedora-clang, r-devel-linux-x86_64-fedora-gcc