CRAN Package Check Results for Package PFIM

Last updated on 2024-06-13 00:55:26 CEST.

Flavor Version Tinstall Tcheck Ttotal Status Flags
r-devel-linux-x86_64-debian-clang 6.0.3 51.45 214.26 265.71 OK
r-devel-linux-x86_64-debian-gcc 6.0.3 0.75 1.91 2.66 ERROR
r-devel-linux-x86_64-fedora-clang 6.0.3 352.52 OK
r-devel-linux-x86_64-fedora-gcc 6.0.3 323.99 OK
r-devel-windows-x86_64 6.0.3 40.00 186.00 226.00 OK
r-patched-linux-x86_64 6.0.3 35.78 204.35 240.13 OK
r-release-linux-x86_64 6.0.3 30.79 205.96 236.75 OK
r-release-macos-arm64 6.0.3 86.00 OK
r-release-macos-x86_64 6.0.3 251.00 OK
r-release-windows-x86_64 6.0.3 37.00 183.00 220.00 OK
r-oldrel-macos-arm64 6.0.3 92.00 OK
r-oldrel-macos-x86_64 6.0.3 207.00 OK
r-oldrel-windows-x86_64 6.0.3 53.00 230.00 283.00 OK

Check Details

Version: 6.0.3
Check: package dependencies
Result: ERROR Packages required but not available: 'devtools', 'ggplot2', 'stringr', 'kableExtra' See section ‘The DESCRIPTION file’ in the ‘Writing R Extensions’ manual. Flavor: r-devel-linux-x86_64-debian-gcc