CRAN Package Check Results for Package PHENIX

Last updated on 2024-07-24 00:53:58 CEST.

Flavor Version Tinstall Tcheck Ttotal Status Flags
r-devel-linux-x86_64-debian-clang 1.3.1 3.23 47.76 50.99 OK
r-devel-linux-x86_64-debian-gcc 1.3.1 2.36 34.73 37.09 NOTE
r-devel-linux-x86_64-fedora-clang 1.3.1 62.40 OK
r-devel-linux-x86_64-fedora-gcc 1.3.1 61.11 OK
r-devel-windows-x86_64 1.3.1 3.00 55.00 58.00 NOTE
r-patched-linux-x86_64 1.3.1 4.78 43.47 48.25 OK
r-release-linux-x86_64 1.3.1 2.77 45.10 47.87 OK
r-release-macos-arm64 1.3.1 21.00 OK
r-release-macos-x86_64 1.3.1 31.00 OK
r-release-windows-x86_64 1.3.1 3.00 54.00 57.00 OK
r-oldrel-macos-arm64 1.3.1 22.00 OK
r-oldrel-macos-x86_64 1.3.1 34.00 OK
r-oldrel-windows-x86_64 1.3.1 3.00 62.00 65.00 OK

Check Details

Version: 1.3.1
Check: Rd cross-references
Result: NOTE Found the following Rd file(s) with Rd \link{} targets missing package anchors: cor.par.Rd: pcor, pcor.test Please provide package anchors for all Rd \link{} targets not in the package itself and the base packages. Flavors: r-devel-linux-x86_64-debian-gcc, r-devel-windows-x86_64