CRAN Package Check Results for Package PINSPlus

Last updated on 2023-09-24 00:56:49 CEST.

Flavor Version Tinstall Tcheck Ttotal Status Flags
r-devel-linux-x86_64-debian-clang 2.0.6 39.92 89.40 129.32 NOTE
r-devel-linux-x86_64-debian-gcc 2.0.6 29.03 79.80 108.83 NOTE
r-devel-linux-x86_64-fedora-clang 2.0.6 175.09 NOTE
r-devel-linux-x86_64-fedora-gcc 2.0.6 184.89 NOTE
r-devel-windows-x86_64 2.0.6 33.00 102.00 135.00 NOTE
r-patched-linux-x86_64 2.0.6 38.01 84.10 122.11 NOTE
r-release-linux-x86_64 2.0.6 33.22 86.05 119.27 NOTE
r-release-macos-arm64 2.0.6 55.00 NOTE
r-release-macos-x86_64 2.0.6 87.00 NOTE
r-release-windows-x86_64 2.0.6 46.00 113.00 159.00 NOTE
r-oldrel-macos-arm64 2.0.6 43.00 OK
r-oldrel-macos-x86_64 2.0.6 67.00 OK
r-oldrel-windows-x86_64 2.0.6 43.00 116.00 159.00 OK

Check Details

Version: 2.0.6
Check: C++ specification
Result: NOTE
     Specified C++11: please drop specification unless essential
Flavors: r-devel-linux-x86_64-debian-clang, r-devel-linux-x86_64-debian-gcc, r-devel-linux-x86_64-fedora-clang, r-devel-linux-x86_64-fedora-gcc, r-devel-windows-x86_64, r-patched-linux-x86_64, r-release-linux-x86_64, r-release-macos-arm64, r-release-macos-x86_64, r-release-windows-x86_64