Last updated on 2023-03-20 00:54:14 CET.
Flavor | Version | Tinstall | Tcheck | Ttotal | Status | Flags |
---|---|---|---|---|---|---|
r-devel-linux-x86_64-debian-clang | 1.3.0 | OK | ||||
r-devel-linux-x86_64-debian-gcc | 1.3.0 | 89.45 | 599.29 | 688.74 | OK | |
r-devel-linux-x86_64-fedora-clang | 1.3.0 | 1187.40 | NOTE | |||
r-devel-linux-x86_64-fedora-gcc | 1.3.0 | 1112.66 | NOTE | |||
r-devel-windows-x86_64 | 1.3.0 | 143.00 | 897.00 | 1040.00 | OK | |
r-patched-linux-x86_64 | 1.3.0 | 87.73 | 699.26 | 786.99 | OK | |
r-release-linux-x86_64 | 1.3.0 | 88.37 | 686.22 | 774.59 | OK | |
r-release-macos-arm64 | 1.3.0 | 234.00 | OK | |||
r-release-macos-x86_64 | 1.3.0 | 312.00 | OK | |||
r-release-windows-x86_64 | 1.3.0 | 143.00 | 867.00 | 1010.00 | OK | |
r-oldrel-macos-arm64 | 1.3.0 | 232.00 | OK | |||
r-oldrel-macos-x86_64 | 1.3.0 | 326.00 | OK | |||
r-oldrel-windows-ix86+x86_64 | 1.3.0 | 239.00 | 1183.00 | 1422.00 | WARN |
Version: 1.3.0
Check: dependencies in R code
Result: NOTE
Namespace in Imports field not imported from: ‘BH’
All declared Imports should be used.
Flavors: r-devel-linux-x86_64-fedora-clang, r-devel-linux-x86_64-fedora-gcc
Version: 1.3.0
Check: for unstated dependencies in ‘tests’
Result: WARN
Warning: unable to access index for repository https://bioconductor.org/packages/3.14/bioc/src/contrib:
cannot open URL 'https://bioconductor.org/packages/3.14/bioc/src/contrib/PACKAGES'
Warning: unable to access index for repository https://bioconductor.org/packages/3.14/data/annotation/src/contrib:
cannot open URL 'https://bioconductor.org/packages/3.14/data/annotation/src/contrib/PACKAGES'
Warning: unable to access index for repository https://bioconductor.org/packages/3.14/data/experiment/src/contrib:
cannot open URL 'https://bioconductor.org/packages/3.14/data/experiment/src/contrib/PACKAGES'
Flavor: r-oldrel-windows-ix86+x86_64