CRAN Package Check Results for Package POUMM

Last updated on 2023-06-10 00:54:53 CEST.

Flavor Version Tinstall Tcheck Ttotal Status Flags
r-devel-linux-x86_64-debian-clang 2.1.7 43.29 236.40 279.69 NOTE
r-devel-linux-x86_64-debian-gcc 2.1.7 41.48 172.74 214.22 NOTE
r-devel-linux-x86_64-fedora-clang 2.1.7 358.53 NOTE
r-devel-linux-x86_64-fedora-gcc 2.1.7 381.03 NOTE
r-devel-windows-x86_64 2.1.7 40.00 191.00 231.00 NOTE
r-patched-linux-x86_64 2.1.7 42.67 221.17 263.84 NOTE
r-release-linux-x86_64 2.1.7 39.70 219.89 259.59 NOTE
r-release-macos-arm64 2.1.7 108.00 NOTE
r-release-macos-x86_64 2.1.7 177.00 NOTE
r-release-windows-x86_64 2.1.7 50.00 242.00 292.00 NOTE
r-oldrel-macos-arm64 2.1.7 92.00 NOTE
r-oldrel-macos-x86_64 2.1.7 166.00 NOTE
r-oldrel-windows-x86_64 2.1.7 48.00 255.00 303.00 OK

Check Details

Version: 2.1.7
Check: C++ specification
Result: NOTE
     Specified C++11: please drop specification unless essential
Flavors: r-devel-linux-x86_64-debian-clang, r-devel-linux-x86_64-debian-gcc, r-devel-linux-x86_64-fedora-clang, r-devel-linux-x86_64-fedora-gcc, r-devel-windows-x86_64, r-patched-linux-x86_64, r-release-linux-x86_64, r-release-macos-arm64, r-release-macos-x86_64, r-release-windows-x86_64

Version: 2.1.7
Check: installed package size
Result: NOTE
     installed size is 7.8Mb
     sub-directories of 1Mb or more:
     libs 7.1Mb
Flavors: r-release-macos-arm64, r-release-macos-x86_64, r-oldrel-macos-arm64, r-oldrel-macos-x86_64