CRAN Package Check Results for Package PRISMAstatement

Last updated on 2024-06-14 00:53:54 CEST.

Flavor Version Tinstall Tcheck Ttotal Status Flags
r-devel-linux-x86_64-debian-clang 1.1.1 3.79 37.05 40.84 NOTE
r-devel-linux-x86_64-debian-gcc 1.1.1 0.68 1.88 2.56 ERROR
r-devel-linux-x86_64-fedora-clang 1.1.1 53.16 NOTE
r-devel-linux-x86_64-fedora-gcc 1.1.1 60.36 NOTE
r-devel-windows-x86_64 1.1.1 5.00 50.00 55.00 NOTE
r-patched-linux-x86_64 1.1.1 2.65 35.98 38.63 NOTE
r-release-linux-x86_64 1.1.1 2.65 34.79 37.44 NOTE
r-release-macos-arm64 1.1.1 29.00 NOTE
r-release-macos-x86_64 1.1.1 39.00 NOTE
r-release-windows-x86_64 1.1.1 4.00 52.00 56.00 NOTE
r-oldrel-macos-arm64 1.1.1 27.00 NOTE
r-oldrel-macos-x86_64 1.1.1 56.00 NOTE
r-oldrel-windows-x86_64 1.1.1 5.00 54.00 59.00 NOTE

Check Details

Version: 1.1.1
Check: LazyData
Result: NOTE 'LazyData' is specified without a 'data' directory Flavors: r-devel-linux-x86_64-debian-clang, r-devel-linux-x86_64-fedora-clang, r-devel-linux-x86_64-fedora-gcc, r-devel-windows-x86_64, r-patched-linux-x86_64, r-release-linux-x86_64, r-release-macos-arm64, r-release-macos-x86_64, r-release-windows-x86_64, r-oldrel-macos-arm64, r-oldrel-macos-x86_64, r-oldrel-windows-x86_64

Version: 1.1.1
Check: package dependencies
Result: ERROR Package required but not available: ‘DiagrammeR’ Package suggested but not available for checking: ‘testthat’ See section ‘The DESCRIPTION file’ in the ‘Writing R Extensions’ manual. Flavor: r-devel-linux-x86_64-debian-gcc

Version: 1.1.1
Check: installed package size
Result: NOTE installed size is 5.0Mb sub-directories of 1Mb or more: doc 4.8Mb Flavor: r-devel-linux-x86_64-fedora-clang