CRAN Package Check Results for Package PROreg

Last updated on 2024-07-20 00:56:59 CEST.

Flavor Version Tinstall Tcheck Ttotal Status Flags
r-devel-linux-x86_64-debian-clang 1.3 8.36 90.06 98.42 OK
r-devel-linux-x86_64-debian-gcc 1.3 8.26 65.61 73.87 OK
r-devel-linux-x86_64-fedora-clang 1.3 121.09 OK
r-devel-linux-x86_64-fedora-gcc 1.3 123.79 OK
r-devel-windows-x86_64 1.3 9.00 82.00 91.00 NOTE
r-patched-linux-x86_64 1.3 16.76 85.10 101.86 OK
r-release-linux-x86_64 1.3 7.13 83.59 90.72 OK
r-release-macos-arm64 1.3 37.00 OK
r-release-macos-x86_64 1.3 62.00 OK
r-release-windows-x86_64 1.3 9.00 83.00 92.00 OK
r-oldrel-macos-arm64 1.3 43.00 OK
r-oldrel-macos-x86_64 1.3 101.00 OK
r-oldrel-windows-x86_64 1.3 12.00 98.00 110.00 OK

Check Details

Version: 1.3
Check: Rd cross-references
Result: NOTE Found the following Rd file(s) with Rd \link{} targets missing package anchors: BBmm.Rd: multiroot HRQoLplot.Rd: radarchart summary.BBmm.Rd: multiroot Please provide package anchors for all Rd \link{} targets not in the package itself and the base packages. Flavor: r-devel-windows-x86_64