CRAN Package Check Results for Package PROscorer

Last updated on 2021-10-20 00:49:49 CEST.

Flavor Version Tinstall Tcheck Ttotal Status Flags
r-devel-linux-x86_64-debian-clang 0.0.1 2.13 25.17 27.30 NOTE
r-devel-linux-x86_64-debian-gcc 0.0.1 1.76 19.29 21.05 NOTE
r-devel-linux-x86_64-fedora-clang 0.0.1 43.72 NOTE
r-devel-linux-x86_64-fedora-gcc 0.0.1 33.08 NOTE
r-devel-windows-x86_64 0.0.1 4.00 44.00 48.00 NOTE
r-devel-windows-x86_64-gcc10-UCRT 0.0.1 NOTE
r-patched-linux-x86_64 0.0.1 2.32 24.71 27.03 NOTE
r-patched-solaris-x86 0.0.1 50.60 NOTE
r-release-linux-x86_64 0.0.1 2.00 25.20 27.20 NOTE
r-release-macos-arm64 0.0.1 NOTE
r-release-macos-x86_64 0.0.1 NOTE
r-release-windows-ix86+x86_64 0.0.1 3.00 45.00 48.00 NOTE
r-oldrel-macos-x86_64 0.0.1 OK
r-oldrel-windows-ix86+x86_64 0.0.1 5.00 44.00 49.00 OK

Check Details

Version: 0.0.1
Check: LazyData
Result: NOTE
     'LazyData' is specified without a 'data' directory
Flavors: r-devel-linux-x86_64-debian-clang, r-devel-linux-x86_64-debian-gcc, r-devel-linux-x86_64-fedora-clang, r-devel-linux-x86_64-fedora-gcc, r-devel-windows-x86_64, r-devel-windows-x86_64-gcc10-UCRT, r-patched-linux-x86_64, r-patched-solaris-x86, r-release-linux-x86_64, r-release-macos-arm64, r-release-macos-x86_64, r-release-windows-ix86+x86_64